-- https://www.phpmyadmin.net/
--

START TRANSACTION;



-- --------------------------------------------------------

--
-- Table structure for table `ads_settings`
--

CREATE TABLE `ads_settings` (
  `id` int(11) NOT NULL,
  `app_id` varchar(255) DEFAULT NULL,
  `interstitial_ad_unit` varchar(255) DEFAULT NULL,
  `native_ad_unit` varchar(255) DEFAULT NULL,
  `banner_ad_unit` varchar(255) DEFAULT NULL,
  `reward_ad_unit` varchar(255) DEFAULT NULL,
  `appopen_ad_unit` varchar(255) DEFAULT NULL,
  `created_at` timestamp NOT NULL DEFAULT current_timestamp(),
  `updated_at` timestamp NOT NULL DEFAULT current_timestamp() ON UPDATE current_timestamp()
) ENGINE=InnoDB DEFAULT CHARSET=utf8mb4 COLLATE=utf8mb4_general_ci;

--
-- Dumping data for table `ads_settings`
--

INSERT INTO `ads_settings` (`id`, `app_id`, `interstitial_ad_unit`, `native_ad_unit`, `banner_ad_unit`, `reward_ad_unit`, `appopen_ad_unit`, `created_at`, `updated_at`) VALUES
(1, 'ca-app-pub-7664893030317051~8013728480', '/21775744923/example/interstitial', '/21775744923/example/native-video', '/21775744923/example/adaptive-banner', '/21775744923/example/rewarded', '/21775744923/example/app-open', '2025-06-22 18:59:24', '2025-09-27 11:37:53');

-- --------------------------------------------------------

--
-- Table structure for table `ad_controls`
--

CREATE TABLE `ad_controls` (
  `id` int(11) NOT NULL,
  `screen_name` enum('quiz','correct_spelling','image_puzzle','find_faster','math_check','app_open','vehicle_guess','colour_guess','alphabet_guess','math_fact') NOT NULL,
  `interstitial_ad` tinyint(1) DEFAULT 1,
  `banner_ad` tinyint(1) DEFAULT 1,
  `native_ad` tinyint(1) DEFAULT 1,
  `reward_ad` tinyint(1) DEFAULT 1,
  `appopen_ad` tinyint(1) DEFAULT 1,
  `created_at` timestamp NOT NULL DEFAULT current_timestamp()
) ENGINE=InnoDB DEFAULT CHARSET=latin1 COLLATE=latin1_swedish_ci;

--
-- Dumping data for table `ad_controls`
--

INSERT INTO `ad_controls` (`id`, `screen_name`, `interstitial_ad`, `banner_ad`, `native_ad`, `reward_ad`, `appopen_ad`, `created_at`) VALUES
(1, 'vehicle_guess', 1, 0, 1, 1, 0, '2025-06-23 11:09:02'),
(2, 'colour_guess', 1, 0, 1, 1, 0, '2025-06-23 11:09:02'),
(3, 'alphabet_guess', 1, 0, 1, 1, 0, '2025-06-23 11:09:02'),
(4, 'math_fact', 1, 0, 1, 1, 0, '2025-06-23 11:09:02'),
(5, 'quiz', 0, 0, 0, 0, 1, '2025-06-23 11:09:02'),
(6, 'app_open', 0, 0, 0, 0, 1, '2025-06-23 11:09:02');

-- --------------------------------------------------------

--
-- Table structure for table `app_settings`
--

CREATE TABLE `app_settings` (
  `id` int(11) NOT NULL DEFAULT 1,
  `claim_timer` int(11) DEFAULT 30,
  `website_task_enabled` tinyint(1) DEFAULT 0,
  `task_limits_enabled` tinyint(1) DEFAULT 1,
  `referrer_coins` int(11) DEFAULT 50,
  `referred_coins` int(11) DEFAULT 50,
  `referral_coin_threshold` int(11) DEFAULT 500,
  `daily_checkin_coins` int(11) DEFAULT 50,
  `app_link` varchar(255) DEFAULT '',
  `version` varchar(10) DEFAULT '1.0.0',
  `version_code` int(11) DEFAULT 1,
  `changelogs` text CHARACTER SET utf8mb4 COLLATE utf8mb4_unicode_ci DEFAULT NULL,
  `maintenance_mode` tinyint(1) DEFAULT 0,
  `vpn_allowed` tinyint(1) DEFAULT 1,
  `how_to_link` varchar(255) DEFAULT '',
  `telegram_link` varchar(255) DEFAULT '',
  `support_link` varchar(255) DEFAULT '',
  `guest_mode` int(11) DEFAULT 0,
  `earning_mode` int(11) DEFAULT 1 COMMENT '(0 - OFF  1 - ON  2 - Check)',
  `gamezop_timer` int(11) DEFAULT 10,
  `app_base_url` varchar(255) DEFAULT NULL,
  `ad_app_size` int(11) DEFAULT NULL,
  `update_mode` varchar(10) DEFAULT 'off',
  `native_ad_load_refresh_count` int(11) DEFAULT 0,
  `gamezop_card_status` int(11) DEFAULT 1,
  `daily_withdraw_limit` int(11) DEFAULT 1,
  `rate_limit_count` int(11) DEFAULT 100,
  `upi_transfer_enable` int(11) DEFAULT 1,
  `delete_url` varchar(255) DEFAULT NULL,
  `packages` varchar(255) DEFAULT NULL,
  `privacy_policy_url` varchar(255) DEFAULT NULL
) ENGINE=InnoDB DEFAULT CHARSET=latin1 COLLATE=latin1_swedish_ci;

--
-- Dumping data for table `app_settings`
--

INSERT INTO `app_settings` (`id`, `claim_timer`, `website_task_enabled`, `task_limits_enabled`, `referrer_coins`, `referred_coins`, `referral_coin_threshold`, `daily_checkin_coins`, `app_link`, `version`, `version_code`, `changelogs`, `maintenance_mode`, `vpn_allowed`, `how_to_link`, `telegram_link`, `support_link`, `guest_mode`, `earning_mode`, `gamezop_timer`, `app_base_url`, `ad_app_size`, `update_mode`, `native_ad_load_refresh_count`, `gamezop_card_status`, `daily_withdraw_limit`, `rate_limit_count`, `upi_transfer_enable`, `delete_url`, `packages`, `privacy_policy_url`) VALUES
(1, 1, 0, 1, 200, 0, 200, 15, 'https://play.google.com/store/apps/details?id=com.socialquizpop.app', '3.0', 2, '<div style=\"font-family: Arial, sans-serif; max-width: 600px; margin: 0 auto; padding: 15px; background: #f9f9f9; border-radius: 8px; border: 1px solid #e0e0e0\">\r\n  <h3 style=\"color: #2a52be; margin-top: 0\">Quiz 2025 Update</h3>\r\n  <p>We\'ve made improvements to enhance your experience:</p>\r\n  \r\n  <h4 style=\"color: #2a52be; margin-bottom: 5px;\">New Features</h4>\r\n  <ul style=\"margin-top: 0\">\r\n    <li></li>\r\n    <li></li>\r\n  </ul>\r\n\r\n  <h4 style=\"color: #2a52be; margin-bottom: 5px;\">Bug Fixes</h4>\r\n  <ul style=\"margin-top: 0\">\r\n    <li>Fixed login issues on some devices</li>\r\n    <li>Improved ad loading stability</li>\r\n  </ul>\r\n\r\n  <p>Thanks for using <strong>QuizPop</strong>! Keep playing and earning.</p>\r\n</div>', 0, 1, 'https://www.youtube.com/', 'https://t.me/earnbitofficial', 'https://t.me/earnbitofficial', 1, 1, 5, 'https://quizpop.playexplore.in/beta_api/user/', 30, 'off', 5, 1, 2, 500, 0, 'https://docs.google.com/forms/d/e/1FAIpQLSdXyYnQIrcjL7c7t3UOz83WB-7yl7QRBoFfjQTf3_Bt_8Nmpg/viewform', 'com.phonepe.app,net.one97.paytm,konasl.nagad,com.dbbl.mbs.apps.main,com.bKash.customerapp,com.pubg.imobile,com.dts.freefiremax,com.dts.freefireth', 'https://quizpopapp.blogspot.com/p/quizpop-privacy-policy.html?m=1');

-- --------------------------------------------------------

--
-- Table structure for table `colour_guess_image_list`
--

CREATE TABLE `colour_guess_image_list` (
  `id` int(11) NOT NULL,
  `image_url` varchar(255) NOT NULL
) ENGINE=InnoDB DEFAULT CHARSET=latin1 COLLATE=latin1_swedish_ci;

--
-- Dumping data for table `colour_guess_image_list`
--

INSERT INTO `colour_guess_image_list` (`id`, `image_url`) VALUES
(1, 'https://snaplimit.com/Assets/happy.png'),
(2, 'https://snaplimit.com/Assets/student.png'),
(3, 'https://snaplimit.com/Assets/gamer.png'),
(4, 'https://snaplimit.com/Assets/boy.png'),
(5, 'https://snaplimit.com/Assets/dog.png'),
(6, 'https://snaplimit.com/Assets/car.png'),
(7, 'https://snaplimit.com/Assets/tiger.png'),
(8, 'https://snaplimit.com/Assets/train.png'),
(9, 'https://snaplimit.com/Assets/bicycle.png'),
(10, 'https://snaplimit.com/Assets/monkey.png');

-- --------------------------------------------------------

--
-- Table structure for table `daily_checkins`
--

CREATE TABLE `daily_checkins` (
  `id` int(11) NOT NULL,
  `user_id` int(11) NOT NULL,
  `coins_earned` int(11) NOT NULL,
  `claimed_at` timestamp NOT NULL DEFAULT current_timestamp(),
  `claimed_date` date GENERATED ALWAYS AS (cast(`claimed_at` as date)) STORED
) ENGINE=InnoDB DEFAULT CHARSET=latin1 COLLATE=latin1_swedish_ci;

--
-- Dumping data for table `daily_checkins`
--

INSERT INTO `daily_checkins` (`id`, `user_id`, `coins_earned`, `claimed_at`) VALUES
(149, 2, 15, '2025-10-05 03:58:00'),
(150, 3, 15, '2025-10-05 04:56:42'),
(151, 4, 15, '2025-10-05 09:50:35'),
(152, 4, 15, '2025-10-09 16:14:51'),
(153, 9, 15, '2025-10-14 08:24:16');

-- --------------------------------------------------------

--
-- Table structure for table `promo_codes`
--

CREATE TABLE `promo_codes` (
  `id` int(11) NOT NULL,
  `code` varchar(20) NOT NULL,
  `coins` int(11) NOT NULL,
  `usage_limit` int(11) NOT NULL,
  `expiry_date` timestamp NOT NULL DEFAULT current_timestamp() ON UPDATE current_timestamp(),
  `created_at` timestamp NOT NULL DEFAULT current_timestamp()
) ENGINE=InnoDB DEFAULT CHARSET=latin1 COLLATE=latin1_swedish_ci;

--
-- Dumping data for table `promo_codes`
--

INSERT INTO `promo_codes` (`id`, `code`, `coins`, `usage_limit`, `expiry_date`, `created_at`) VALUES
(12, 'WELCOME', 50, 10000, '2025-10-05 18:30:00', '2025-07-03 08:30:00');

-- --------------------------------------------------------

--
-- Table structure for table `promo_code_usage`
--

CREATE TABLE `promo_code_usage` (
  `id` int(11) NOT NULL,
  `user_id` int(11) NOT NULL,
  `promo_code_id` int(11) NOT NULL,
  `created_at` timestamp NOT NULL DEFAULT current_timestamp()
) ENGINE=InnoDB DEFAULT CHARSET=latin1 COLLATE=latin1_swedish_ci;

--
-- Dumping data for table `promo_code_usage`
--

INSERT INTO `promo_code_usage` (`id`, `user_id`, `promo_code_id`, `created_at`) VALUES
(13, 144, 12, '2025-07-11 12:48:52'),
(14, 3, 12, '2025-10-05 09:53:37');

-- --------------------------------------------------------

--
-- Table structure for table `rate_limit`
--

CREATE TABLE `rate_limit` (
  `id` int(11) NOT NULL,
  `user_id` int(11) NOT NULL,
  `timestamp` int(11) NOT NULL
) ENGINE=InnoDB DEFAULT CHARSET=latin1 COLLATE=latin1_swedish_ci;

--
-- Dumping data for table `rate_limit`
--

INSERT INTO `rate_limit` (`id`, `user_id`, `timestamp`) VALUES
(1238, 9, 1760437445),
(1239, 9, 1760437711),
(1240, 9, 1760437723),
(1241, 9, 1760437742),
(1242, 9, 1760438002),
(1243, 9, 1760438026),
(1244, 9, 1760438042),
(1245, 9, 1760438110),
(1246, 9, 1760438149),
(1247, 9, 1760438164),
(1248, 9, 1760438606),
(1249, 9, 1760438628),
(1250, 9, 1760438808),
(1251, 9, 1760438938),
(1252, 9, 1760438945),
(1253, 9, 1760438989),
(1254, 9, 1760439033),
(1255, 9, 1760439205),
(1256, 9, 1760439435),
(1257, 9, 1760439449),
(1258, 9, 1760439456),
(1259, 9, 1760439481),
(1260, 9, 1760439489),
(1261, 9, 1760439510),
(1262, 9, 1760439551),
(1263, 9, 1760439731),
(1264, 9, 1760439832),
(1265, 9, 1760439943),
(1266, 9, 1760439957),
(1267, 9, 1760439981),
(1268, 9, 1760440034),
(1269, 9, 1760440209),
(1270, 9, 1760440241),
(1271, 9, 1760440284),
(1272, 9, 1760440732);

-- --------------------------------------------------------

--
-- Table structure for table `redeem_options_categories`
--

CREATE TABLE `redeem_options_categories` (
  `id` int(11) NOT NULL,
  `category_name` varchar(100) NOT NULL,
  `category_image_url` varchar(255) NOT NULL,
  `created_at` timestamp NOT NULL DEFAULT current_timestamp()
) ENGINE=InnoDB DEFAULT CHARSET=latin1 COLLATE=latin1_swedish_ci;

--
-- Dumping data for table `redeem_options_categories`
--

INSERT INTO `redeem_options_categories` (`id`, `category_name`, `category_image_url`, `created_at`) VALUES
(1, 'Google Gift Card', 'https://snaplimit.com/Assets/google_play_card.png', '2025-06-01 04:30:00'),
(2, 'Flipkart Voucher', 'https://snaplimit.com/Assets/flipkart_card.png', '2025-06-01 04:30:00'),
(3, 'Amazon Pay Gift', 'https://snaplimit.com/Assets/amazon_card.png', '2025-06-01 04:30:00'),
(4, 'Upi Transfer', 'https://snaplimit.com/Assets/upi_card.png', '2025-06-13 07:47:50');

-- --------------------------------------------------------

--
-- Table structure for table `redeem_options_subcategories`
--

CREATE TABLE `redeem_options_subcategories` (
  `id` int(11) NOT NULL,
  `category_id` int(11) NOT NULL,
  `sub_category_name` varchar(100) NOT NULL,
  `sub_category_image_url` varchar(255) NOT NULL,
  `coins` int(11) NOT NULL,
  `cash` decimal(10,2) NOT NULL,
  `is_enabled` tinyint(4) DEFAULT 1,
  `created_at` timestamp NOT NULL DEFAULT current_timestamp()
) ENGINE=InnoDB DEFAULT CHARSET=latin1 COLLATE=latin1_swedish_ci;

--
-- Dumping data for table `redeem_options_subcategories`
--

INSERT INTO `redeem_options_subcategories` (`id`, `category_id`, `sub_category_name`, `sub_category_image_url`, `coins`, `cash`, `is_enabled`, `created_at`) VALUES
(34, 2, 'flipkart voucher', 'https://snaplimit.com/Assets/flipkart.png', 700, 30.00, 1, '2025-06-01 04:30:00'),
(35, 2, 'flipkart voucher', 'https://snaplimit.com/Assets/flipkart.png', 5600, 50.00, 1, '2025-06-01 04:30:00'),
(36, 2, 'flipkart voucher', 'https://snaplimit.com/Assets/flipkart.png', 10200, 100.00, 1, '2025-06-01 04:30:00'),
(40, 1, 'google play gift', 'https://snaplimit.com/Assets/playstore.png', 800, 10.00, 1, '2025-06-01 04:30:00'),
(41, 3, 'amazon pay gift', 'https://snaplimit.com/Assets/amazon.png', 5600, 50.00, 1, '2025-06-01 04:30:00'),
(43, 3, 'amazon pay gift', 'https://snaplimit.com/Assets/amazon.png', 10200, 100.00, 1, '2025-06-01 04:30:00'),
(45, 1, 'google play gift', 'https://snaplimit.com/Assets/playstore.png', 2350, 20.00, 1, '2025-06-01 04:30:00'),
(46, 1, 'google play gift', 'https://snaplimit.com/Assets/playstore.png', 3400, 30.00, 1, '2025-06-01 04:30:00'),
(47, 1, 'google play gift', 'https://snaplimit.com/Assets/playstore.png', 5600, 50.00, 1, '2025-06-01 04:30:00');

-- --------------------------------------------------------

--
-- Table structure for table `referral_rewards`
--

CREATE TABLE `referral_rewards` (
  `id` int(11) NOT NULL,
  `referrer_id` int(11) NOT NULL,
  `referred_id` int(11) NOT NULL,
  `referrer_coins` int(11) NOT NULL,
  `referred_coins` int(11) NOT NULL,
  `created_at` timestamp NOT NULL DEFAULT current_timestamp()
) ENGINE=InnoDB DEFAULT CHARSET=latin1 COLLATE=latin1_swedish_ci;

--
-- Dumping data for table `referral_rewards`
--

INSERT INTO `referral_rewards` (`id`, `referrer_id`, `referred_id`, `referrer_coins`, `referred_coins`, `created_at`) VALUES
(5, 135, 148, 200, 0, '2025-07-11 17:31:49');

-- --------------------------------------------------------

--
-- Table structure for table `tasks`
--

CREATE TABLE `tasks` (
  `id` int(11) NOT NULL,
  `task_type` enum('math_fact','alphabet_guess','colour_guess','vehicle_guess') NOT NULL DEFAULT 'math_fact',
  `reward_coins` varchar(255) NOT NULL,
  `is_enabled` tinyint(1) NOT NULL DEFAULT 1,
  `created_at` timestamp NOT NULL DEFAULT current_timestamp(),
  `updated_at` timestamp NOT NULL DEFAULT current_timestamp() ON UPDATE current_timestamp()
) ENGINE=InnoDB DEFAULT CHARSET=latin1 COLLATE=latin1_swedish_ci;

--
-- Dumping data for table `tasks`
--

INSERT INTO `tasks` (`id`, `task_type`, `reward_coins`, `is_enabled`, `created_at`, `updated_at`) VALUES
(1, 'math_fact', '10-20', 1, '2025-07-19 13:29:13', '2025-09-23 18:53:13'),
(2, 'alphabet_guess', '10-15', 1, '2025-07-19 13:29:13', '2025-09-23 18:53:19'),
(3, 'colour_guess', '5-10', 1, '2025-07-19 13:29:13', '2025-09-23 18:53:25'),
(4, 'vehicle_guess', '12-25', 1, '2025-07-19 13:29:13', '2025-09-23 18:53:32');

-- --------------------------------------------------------

--
-- Table structure for table `task_completions`
--

CREATE TABLE `task_completions` (
  `id` int(11) NOT NULL,
  `user_id` int(11) NOT NULL,
  `task_id` int(11) NOT NULL,
  `earned_coins` int(11) NOT NULL,
  `by_task` varchar(50) NOT NULL,
  `completed_at` timestamp NOT NULL DEFAULT current_timestamp()
) ENGINE=InnoDB DEFAULT CHARSET=latin1 COLLATE=latin1_swedish_ci;

--
-- Dumping data for table `task_completions`
--

INSERT INTO `task_completions` (`id`, `user_id`, `task_id`, `earned_coins`, `by_task`, `completed_at`) VALUES
(1, 2, 4, 10, 'vehicle_guess', '2025-09-23 16:59:07'),
(2, 2, 4, 10, 'vehicle_guess', '2025-09-23 18:11:53'),
(3, 2, 4, 10, 'vehicle_guess', '2025-09-23 18:27:44'),
(4, 2, 4, 10, 'vehicle_guess', '2025-09-23 18:36:41'),
(5, 2, 4, 10, 'vehicle_guess', '2025-09-23 18:44:05'),
(6, 2, 4, 25, 'vehicle_guess', '2025-09-23 18:55:48'),
(7, 2, 4, 12, 'vehicle_guess', '2025-09-23 19:01:04'),
(8, 2, 4, 18, 'vehicle_guess', '2025-09-23 19:16:59'),
(9, 2, 4, 12, 'vehicle_guess', '2025-09-23 19:20:20'),
(10, 2, 4, 22, 'vehicle_guess', '2025-09-23 19:23:50'),
(11, 2, 4, 12, 'vehicle_guess', '2025-09-23 19:31:32'),
(12, 2, 4, 21, 'vehicle_guess', '2025-09-24 02:58:09'),
(13, 3, 4, 14, 'vehicle_guess', '2025-09-24 03:27:40'),
(14, 3, 4, 22, 'vehicle_guess', '2025-09-24 03:28:34'),
(15, 3, 3, 5, 'colour_guess', '2025-09-24 03:31:40'),
(16, 3, 1, 14, 'math_fact', '2025-09-24 06:49:01'),
(17, 3, 2, 15, 'alphabet_guess', '2025-09-24 06:50:18'),
(18, 3, 3, 7, 'colour_guess', '2025-09-24 07:29:16'),
(19, 4, 1, 10, 'math_fact', '2025-09-24 07:38:10'),
(20, 3, 1, 14, 'math_fact', '2025-09-24 10:28:04'),
(21, 3, 2, 15, 'alphabet_guess', '2025-09-24 10:28:53'),
(22, 3, 4, 18, 'vehicle_guess', '2025-09-24 10:30:06'),
(23, 2, 2, 10, 'alphabet_guess', '2025-09-24 10:38:42'),
(24, 2, 2, 10, 'alphabet_guess', '2025-09-24 11:01:54'),
(25, 2, 2, 10, 'alphabet_guess', '2025-09-24 11:19:47'),
(26, 2, 4, 14, 'vehicle_guess', '2025-09-24 11:32:20'),
(27, 2, 4, 17, 'vehicle_guess', '2025-09-24 11:56:05'),
(28, 2, 1, 12, 'math_fact', '2025-09-24 12:12:50'),
(29, 2, 1, 13, 'math_fact', '2025-09-24 12:14:33'),
(30, 2, 1, 13, 'math_fact', '2025-09-24 12:18:29'),
(31, 3, 1, 18, 'math_fact', '2025-09-24 12:59:38'),
(32, 3, 1, 15, 'math_fact', '2025-09-24 12:59:49'),
(33, 3, 2, 13, 'alphabet_guess', '2025-09-24 13:00:42'),
(34, 3, 3, 7, 'colour_guess', '2025-09-24 13:03:50'),
(35, 3, 3, 6, 'colour_guess', '2025-09-24 13:04:15'),
(36, 5, 2, 15, 'alphabet_guess', '2025-09-24 17:22:06'),
(37, 3, 1, 16, 'math_fact', '2025-09-25 07:26:45'),
(38, 3, 4, 24, 'vehicle_guess', '2025-09-25 07:27:27'),
(39, 3, 4, 21, 'vehicle_guess', '2025-09-25 07:27:46'),
(40, 3, 3, 7, 'colour_guess', '2025-09-25 07:28:29'),
(41, 3, 3, 7, 'colour_guess', '2025-09-25 07:28:50'),
(42, 3, 3, 10, 'colour_guess', '2025-09-25 07:29:12'),
(43, 3, 1, 19, 'math_fact', '2025-09-25 07:32:11'),
(44, 3, 1, 13, 'math_fact', '2025-09-25 07:32:30'),
(45, 3, 2, 11, 'alphabet_guess', '2025-09-27 09:13:44'),
(46, 3, 2, 15, 'alphabet_guess', '2025-09-27 11:43:07'),
(47, 4, 2, 13, 'alphabet_guess', '2025-09-28 13:00:29'),
(48, 4, 1, 18, 'math_fact', '2025-09-28 13:01:36'),
(49, 4, 3, 6, 'colour_guess', '2025-09-28 13:02:43'),
(50, 4, 4, 19, 'vehicle_guess', '2025-09-28 13:03:06'),
(51, 8, 2, 11, 'alphabet_guess', '2025-09-28 18:16:04'),
(52, 3, 3, 10, 'colour_guess', '2025-09-29 18:04:06'),
(53, 4, 2, 14, 'alphabet_guess', '2025-09-30 01:31:24'),
(54, 4, 1, 19, 'math_fact', '2025-09-30 01:31:45'),
(55, 4, 3, 5, 'colour_guess', '2025-09-30 01:32:13'),
(56, 3, 2, 15, 'alphabet_guess', '2025-09-30 03:37:41'),
(57, 3, 2, 12, 'alphabet_guess', '2025-09-30 03:37:51'),
(58, 3, 2, 14, 'alphabet_guess', '2025-09-30 03:38:02'),
(59, 3, 1, 19, 'math_fact', '2025-09-30 03:38:52'),
(60, 3, 1, 15, 'math_fact', '2025-09-30 03:39:01'),
(61, 3, 1, 15, 'math_fact', '2025-09-30 03:39:11'),
(62, 2, 2, 0, 'alphabet_guess', '2025-09-30 17:53:49'),
(63, 4, 3, 10, 'colour_guess', '2025-10-05 09:51:34');

-- --------------------------------------------------------

--
-- Table structure for table `task_limits`
--

CREATE TABLE `task_limits` (
  `id` int(11) NOT NULL,
  `task_type` enum('math_fact','alphabet_guess','colour_guess','vehicle_guess') NOT NULL,
  `daily_limit` varchar(255) NOT NULL DEFAULT '10',
  `ad_index` int(11) NOT NULL,
  `important_ad_type` varchar(50) DEFAULT NULL COMMENT 'inter/native',
  `is_enabled` tinyint(1) NOT NULL DEFAULT 1,
  `created_at` timestamp NOT NULL DEFAULT current_timestamp(),
  `updated_at` timestamp NOT NULL DEFAULT current_timestamp() ON UPDATE current_timestamp()
) ENGINE=InnoDB DEFAULT CHARSET=latin1 COLLATE=latin1_swedish_ci;

--
-- Dumping data for table `task_limits`
--

INSERT INTO `task_limits` (`id`, `task_type`, `daily_limit`, `ad_index`, `important_ad_type`, `is_enabled`, `created_at`, `updated_at`) VALUES
(1, 'math_fact', '5-10', 2, 'inter', 1, '2025-06-17 10:45:34', '2025-09-24 11:30:55'),
(2, 'alphabet_guess', '5-8', 2, 'native', 1, '2025-06-17 10:45:34', '2025-09-24 11:31:01'),
(3, 'colour_guess', '10-15', 3, 'native', 1, '2025-06-17 10:45:34', '2025-09-24 11:31:11'),
(4, 'vehicle_guess', '15-20', 4, 'native', 1, '2025-06-17 10:45:34', '2025-09-24 11:31:17');

-- --------------------------------------------------------

--
-- Table structure for table `task_questions`
--

CREATE TABLE `task_questions` (
  `id` int(11) NOT NULL,
  `task_id` int(11) NOT NULL,
  `question` varchar(255) DEFAULT NULL,
  `option_1` varchar(255) DEFAULT NULL,
  `option_2` varchar(255) DEFAULT NULL,
  `option_3` varchar(255) DEFAULT NULL,
  `option_4` varchar(255) DEFAULT NULL,
  `correct_option` varchar(255) DEFAULT NULL,
  `correctness_answer` enum('Yes','No') DEFAULT NULL,
  `created_at` timestamp NOT NULL DEFAULT current_timestamp(),
  `updated_at` timestamp NOT NULL DEFAULT current_timestamp() ON UPDATE current_timestamp()
) ENGINE=InnoDB DEFAULT CHARSET=utf8mb4 COLLATE=utf8mb4_unicode_ci;

--
-- Dumping data for table `task_questions`
--

INSERT INTO `task_questions` (`id`, `task_id`, `question`, `option_1`, `option_2`, `option_3`, `option_4`, `correct_option`, `correctness_answer`, `created_at`, `updated_at`) VALUES
(111, 2, 'Find Missing Letter Between (D, E, _, G)', 'Letter F', 'Letter H', 'Letter I', 'Letter C', 'Letter F', NULL, '2025-09-24 12:15:00', '2025-09-24 12:15:00'),
(112, 2, 'Find Missing Letter Between (H, I, _, K)', 'Letter J', 'Letter L', 'Letter M', 'Letter G', 'Letter J', NULL, '2025-09-24 12:15:00', '2025-09-24 12:15:00'),
(113, 2, 'Find Missing Letter Between (K, L, _, N)', 'Letter M', 'Letter O', 'Letter P', 'Letter J', 'Letter M', NULL, '2025-09-24 12:15:00', '2025-09-24 12:15:00'),
(114, 2, 'Find Missing Letter Between (N, O, _, Q)', 'Letter P', 'Letter R', 'Letter S', 'Letter M', 'Letter P', NULL, '2025-09-24 12:15:00', '2025-09-24 12:15:00'),
(115, 2, 'Find Missing Letter Between (R, S, _, U)', 'Letter T', 'Letter V', 'Letter W', 'Letter Q', 'Letter T', NULL, '2025-09-24 12:15:00', '2025-09-24 12:15:00'),
(116, 2, 'Find Missing Letter Between (V, W, _, Y)', 'Letter X', 'Letter Z', 'Letter A', 'Letter U', 'Letter X', NULL, '2025-09-24 12:15:00', '2025-09-24 12:15:00'),
(117, 2, 'Find Missing Letter Between (A, B, _, D)', 'Letter C', 'Letter E', 'Letter F', 'Letter Z', 'Letter C', NULL, '2025-09-24 12:15:00', '2025-09-24 12:15:00'),
(118, 2, 'Find Missing Letter Between (G, H, _, J)', 'Letter I', 'Letter K', 'Letter F', 'Letter L', 'Letter I', NULL, '2025-09-24 12:15:00', '2025-09-24 12:15:00'),
(119, 2, 'Find Missing Letter Between (J, K, _, M)', 'Letter L', 'Letter N', 'Letter O', 'Letter I', 'Letter L', NULL, '2025-09-24 12:15:00', '2025-09-24 12:15:00'),
(120, 2, 'Find Missing Letter Between (O, P, _, R)', 'Letter Q', 'Letter S', 'Letter T', 'Letter N', 'Letter Q', NULL, '2025-09-24 12:15:00', '2025-09-24 12:15:00'),
(121, 2, 'Find Missing Letter Between (T, U, _, W)', 'Letter V', 'Letter X', 'Letter Y', 'Letter S', 'Letter V', NULL, '2025-09-24 12:15:00', '2025-09-24 12:15:00'),
(122, 2, 'Find Missing Letter Between (W, X, _, Z)', 'Letter Y', 'Letter A', 'Letter B', 'Letter V', 'Letter Y', NULL, '2025-09-24 12:15:00', '2025-09-24 12:15:00'),
(123, 2, 'Find Missing Letter Between (B, C, _, E)', 'Letter D', 'Letter F', 'Letter G', 'Letter A', 'Letter D', NULL, '2025-09-24 12:15:00', '2025-09-24 12:15:00'),
(124, 2, 'Find Missing Letter Between (F, G, _, I)', 'Letter H', 'Letter J', 'Letter K', 'Letter E', 'Letter H', NULL, '2025-09-24 12:15:00', '2025-09-24 12:15:00'),
(125, 2, 'Find Missing Letter Between (I, J, _, L)', 'Letter K', 'Letter M', 'Letter N', 'Letter H', 'Letter K', NULL, '2025-09-24 12:15:00', '2025-09-24 12:15:00'),
(126, 2, 'Find Missing Letter Between (M, N, _, P)', 'Letter O', 'Letter Q', 'Letter R', 'Letter L', 'Letter O', NULL, '2025-09-24 12:15:00', '2025-09-24 12:15:00'),
(127, 2, 'Find Missing Letter Between (Q, R, _, T)', 'Letter S', 'Letter U', 'Letter V', 'Letter P', 'Letter S', NULL, '2025-09-24 12:15:00', '2025-09-24 12:15:00'),
(128, 2, 'Find Missing Letter Between (U, V, _, X)', 'Letter W', 'Letter Y', 'Letter Z', 'Letter T', 'Letter W', NULL, '2025-09-24 12:15:00', '2025-09-24 12:15:00'),
(129, 2, 'Find Missing Letter Between (E, F, _, H)', 'Letter G', 'Letter I', 'Letter J', 'Letter D', 'Letter G', NULL, '2025-09-24 12:15:00', '2025-09-24 12:15:00'),
(130, 2, 'Find Missing Letter Between (S, T, _, V)', 'Letter U', 'Letter W', 'Letter X', 'Letter R', 'Letter U', NULL, '2025-09-24 12:15:00', '2025-09-24 12:15:00'),
(131, 2, 'Find Missing Letter Between (Y, Z, _, B)', 'Letter A', 'Letter C', 'Letter D', 'Letter X', 'Letter A', NULL, '2025-09-24 12:15:00', '2025-09-24 12:15:00'),
(132, 2, 'Find Missing Letter Between (C, D, _, F)', 'Letter E', 'Letter G', 'Letter H', 'Letter B', 'Letter E', NULL, '2025-09-24 12:15:00', '2025-09-24 12:15:00'),
(133, 2, 'Find Missing Letter Between (X, Y, _, A)', 'Letter Z', 'Letter B', 'Letter C', 'Letter W', 'Letter Z', NULL, '2025-09-24 12:15:00', '2025-09-24 12:15:00'),
(134, 2, 'Find Missing Letter Between (L, M, _, O)', 'Letter N', 'Letter P', 'Letter Q', 'Letter K', 'Letter N', NULL, '2025-09-24 12:15:00', '2025-09-24 12:15:00'),
(135, 2, 'Find Missing Letter Between (P, Q, _, S)', 'Letter R', 'Letter T', 'Letter U', 'Letter O', 'Letter R', NULL, '2025-09-24 12:15:00', '2025-09-24 12:15:00'),
(136, 2, 'Find Missing Letter Between (Z, A, _, C)', 'Letter B', 'Letter D', 'Letter E', 'Letter Y', 'Letter B', NULL, '2025-09-24 12:15:00', '2025-09-24 12:15:00'),
(137, 2, 'Find Missing Letter Between (H, I, _, K)', 'Letter J', 'Letter G', 'Letter L', 'Letter M', 'Letter J', NULL, '2025-09-24 12:15:00', '2025-09-24 12:15:00'),
(138, 2, 'Find Missing Letter Between (R, S, _, U)', 'Letter T', 'Letter V', 'Letter Q', 'Letter W', 'Letter T', NULL, '2025-09-24 12:15:00', '2025-09-24 12:15:00'),
(139, 2, 'Find Missing Letter Between (G, H, _, J)', 'Letter I', 'Letter K', 'Letter L', 'Letter F', 'Letter I', NULL, '2025-09-24 12:15:00', '2025-09-24 12:15:00'),
(140, 2, 'Find Missing Letter Between (O, P, _, R)', 'Letter Q', 'Letter S', 'Letter N', 'Letter T', 'Letter Q', NULL, '2025-09-24 12:15:00', '2025-09-24 12:15:00'),
(141, 2, 'Find Missing Letter Between (D, E, _, G)', 'Letter F', 'Letter C', 'Letter H', 'Letter I', 'Letter F', NULL, '2025-09-24 12:15:00', '2025-09-24 12:15:00'),
(142, 2, 'Find Missing Letter Between (K, L, _, N)', 'Letter M', 'Letter O', 'Letter J', 'Letter P', 'Letter M', NULL, '2025-09-24 12:15:00', '2025-09-24 12:15:00'),
(143, 2, 'Find Missing Letter Between (V, W, _, Y)', 'Letter X', 'Letter Z', 'Letter U', 'Letter A', 'Letter X', NULL, '2025-09-24 12:15:00', '2025-09-24 12:15:00'),
(144, 2, 'Find Missing Letter Between (T, U, _, W)', 'Letter V', 'Letter S', 'Letter X', 'Letter Y', 'Letter V', NULL, '2025-09-24 12:15:00', '2025-09-24 12:15:00'),
(145, 2, 'Find Missing Letter Between (A, B, _, D)', 'Letter C', 'Letter E', 'Letter F', 'Letter G', 'Letter C', NULL, '2025-09-24 12:15:00', '2025-09-24 12:15:00'),
(146, 2, 'Find Missing Letter Between (I, J, _, L)', 'Letter K', 'Letter M', 'Letter H', 'Letter N', 'Letter K', NULL, '2025-09-24 12:15:00', '2025-09-24 12:15:00'),
(147, 2, 'Find Missing Letter Between (F, G, _, I)', 'Letter H', 'Letter J', 'Letter E', 'Letter K', 'Letter H', NULL, '2025-09-24 12:15:00', '2025-09-24 12:15:00'),
(148, 2, 'Find Missing Letter Between (N, O, _, Q)', 'Letter P', 'Letter R', 'Letter M', 'Letter S', 'Letter P', NULL, '2025-09-24 12:15:00', '2025-09-24 12:15:00'),
(149, 2, 'Find Missing Letter Between (B, C, _, E)', 'Letter D', 'Letter F', 'Letter A', 'Letter G', 'Letter D', NULL, '2025-09-24 12:15:00', '2025-09-24 12:15:00'),
(150, 2, 'Find Missing Letter Between (Q, R, _, T)', 'Letter S', 'Letter U', 'Letter P', 'Letter V', 'Letter S', NULL, '2025-09-24 12:15:00', '2025-09-24 12:15:00'),
(151, 2, 'Find Missing Letter Between (J, K, _, M)', 'Letter L', 'Letter N', 'Letter I', 'Letter O', 'Letter L', NULL, '2025-09-24 12:15:00', '2025-09-24 12:15:00'),
(152, 2, 'Find Missing Letter Between (E, F, _, H)', 'Letter G', 'Letter I', 'Letter D', 'Letter J', 'Letter G', NULL, '2025-09-24 12:15:00', '2025-09-24 12:15:00'),
(153, 2, 'Find Missing Letter Between (U, V, _, X)', 'Letter W', 'Letter Y', 'Letter T', 'Letter Z', 'Letter W', NULL, '2025-09-24 12:15:00', '2025-09-24 12:15:00'),
(154, 2, 'Find Missing Letter Between (S, T, _, V)', 'Letter U', 'Letter W', 'Letter R', 'Letter X', 'Letter U', NULL, '2025-09-24 12:15:00', '2025-09-24 12:15:00'),
(155, 2, 'Find Missing Letter Between (M, N, _, P)', 'Letter O', 'Letter Q', 'Letter L', 'Letter R', 'Letter O', NULL, '2025-09-24 12:15:00', '2025-09-24 12:15:00'),
(156, 2, 'Find Missing Letter Between (C, D, _, F)', 'Letter E', 'Letter G', 'Letter B', 'Letter H', 'Letter E', NULL, '2025-09-24 12:15:00', '2025-09-24 12:15:00'),
(157, 2, 'Find Missing Letter Between (W, X, _, Z)', 'Letter Y', 'Letter A', 'Letter V', 'Letter B', 'Letter Y', NULL, '2025-09-24 12:15:00', '2025-09-24 12:15:00'),
(158, 2, 'Find Missing Letter Between (L, M, _, O)', 'Letter N', 'Letter P', 'Letter K', 'Letter Q', 'Letter N', NULL, '2025-09-24 12:15:00', '2025-09-24 12:15:00'),
(159, 2, 'Find Missing Letter Between (H, I, _, K)', 'Letter J', 'Letter L', 'Letter G', 'Letter M', 'Letter J', NULL, '2025-09-24 12:15:00', '2025-09-24 12:15:00'),
(160, 2, 'Find Missing Letter Between (P, Q, _, S)', 'Letter R', 'Letter T', 'Letter O', 'Letter U', 'Letter R', NULL, '2025-09-24 12:15:00', '2025-09-24 12:15:00'),
(211, 4, 'What is the largest number from below list?', '62', '65', '60', '68', '68', NULL, '2025-09-24 12:15:00', '2025-09-24 12:15:00'),
(212, 4, 'What is the largest number from below list?', '71', '79', '75', '72', '79', NULL, '2025-09-24 12:15:00', '2025-09-24 12:15:00'),
(213, 4, 'What is the largest number from below list?', '88', '81', '85', '83', '88', NULL, '2025-09-24 12:15:00', '2025-09-24 12:15:00'),
(214, 4, 'What is the largest number from below list?', '94', '99', '91', '97', '99', NULL, '2025-09-24 12:15:00', '2025-09-24 12:15:00'),
(215, 4, 'What is the largest number from below list?', '105', '101', '109', '103', '109', NULL, '2025-09-24 12:15:00', '2025-09-24 12:15:00'),
(216, 4, 'What is the largest number from below list?', '16', '19', '11', '14', '19', NULL, '2025-09-24 12:15:00', '2025-09-24 12:15:00'),
(217, 4, 'What is the largest number from below list?', '24', '29', '21', '27', '29', NULL, '2025-09-24 12:15:00', '2025-09-24 12:15:00'),
(218, 4, 'What is the largest number from below list?', '33', '38', '35', '31', '38', NULL, '2025-09-24 12:15:00', '2025-09-24 12:15:00'),
(219, 4, 'What is the largest number from below list?', '46', '42', '48', '44', '48', NULL, '2025-09-24 12:15:00', '2025-09-24 12:15:00'),
(220, 4, 'What is the largest number from below list?', '51', '59', '55', '53', '59', NULL, '2025-09-24 12:15:00', '2025-09-24 12:15:00'),
(221, 4, 'What is the largest number from below list?', '8', '5', '9', '2', '9', NULL, '2025-09-24 12:15:00', '2025-09-24 12:15:00'),
(222, 4, 'What is the largest number from below list?', '17', '12', '15', '18', '18', NULL, '2025-09-24 12:15:00', '2025-09-24 12:15:00'),
(223, 4, 'What is the largest number from below list?', '26', '23', '29', '20', '29', NULL, '2025-09-24 12:15:00', '2025-09-24 12:15:00'),
(224, 4, 'What is the largest number from below list?', '34', '39', '31', '36', '39', NULL, '2025-09-24 12:15:00', '2025-09-24 12:15:00'),
(225, 4, 'What is the largest number from below list?', '41', '47', '43', '45', '47', NULL, '2025-09-24 12:15:00', '2025-09-24 12:15:00'),
(226, 4, 'What is the largest number from below list?', '52', '58', '50', '56', '58', NULL, '2025-09-24 12:15:00', '2025-09-24 12:15:00'),
(227, 4, 'What is the largest number from below list?', '67', '63', '69', '61', '69', NULL, '2025-09-24 12:15:00', '2025-09-24 12:15:00'),
(228, 4, 'What is the largest number from below list?', '74', '78', '72', '76', '78', NULL, '2025-09-24 12:15:00', '2025-09-24 12:15:00'),
(229, 4, 'What is the largest number from below list?', '82', '89', '84', '87', '89', NULL, '2025-09-24 12:15:00', '2025-09-24 12:15:00'),
(230, 4, 'What is the largest number from below list?', '95', '91', '98', '93', '98', NULL, '2025-09-24 12:15:00', '2025-09-24 12:15:00'),
(231, 4, 'What is the largest number from below list?', '110', '102', '108', '105', '110', NULL, '2025-09-24 12:15:00', '2025-09-24 12:15:00'),
(232, 4, 'What is the largest number from below list?', '115', '119', '112', '117', '119', NULL, '2025-09-24 12:15:00', '2025-09-24 12:15:00'),
(233, 4, 'What is the largest number from below list?', '123', '128', '121', '126', '128', NULL, '2025-09-24 12:15:00', '2025-09-24 12:15:00'),
(234, 4, 'What is the largest number from below list?', '134', '131', '139', '136', '139', NULL, '2025-09-24 12:15:00', '2025-09-24 12:15:00'),
(235, 4, 'What is the largest number from below list?', '144', '148', '142', '146', '148', NULL, '2025-09-24 12:15:00', '2025-09-24 12:15:00'),
(236, 4, 'What is the largest number from below list?', '151', '155', '159', '153', '159', NULL, '2025-09-24 12:15:00', '2025-09-24 12:15:00'),
(237, 4, 'What is the largest number from below list?', '166', '162', '168', '164', '168', NULL, '2025-09-24 12:15:00', '2025-09-24 12:15:00'),
(238, 4, 'What is the largest number from below list?', '175', '171', '179', '173', '179', NULL, '2025-09-24 12:15:00', '2025-09-24 12:15:00'),
(239, 4, 'What is the largest number from below list?', '182', '188', '184', '186', '188', NULL, '2025-09-24 12:15:00', '2025-09-24 12:15:00'),
(240, 4, 'What is the largest number from below list?', '193', '199', '191', '197', '199', NULL, '2025-09-24 12:15:00', '2025-09-24 12:15:00'),
(241, 4, 'What is the largest number from below list?', '200', '210', '205', '201', '210', NULL, '2025-09-24 12:15:00', '2025-09-24 12:15:00'),
(242, 4, 'What is the largest number from below list?', '220', '215', '225', '212', '225', NULL, '2025-09-24 12:15:00', '2025-09-24 12:15:00'),
(243, 4, 'What is the largest number from below list?', '234', '238', '231', '236', '238', NULL, '2025-09-24 12:15:00', '2025-09-24 12:15:00'),
(244, 4, 'What is the largest number from below list?', '241', '249', '245', '243', '249', NULL, '2025-09-24 12:15:00', '2025-09-24 12:15:00'),
(245, 4, 'What is the largest number from below list?', '255', '251', '258', '253', '258', NULL, '2025-09-24 12:15:00', '2025-09-24 12:15:00'),
(246, 4, 'What is the largest number from below list?', '262', '266', '260', '269', '269', NULL, '2025-09-24 12:15:00', '2025-09-24 12:15:00'),
(247, 4, 'What is the largest number from below list?', '278', '271', '275', '273', '278', NULL, '2025-09-24 12:15:00', '2025-09-24 12:15:00'),
(248, 4, 'What is the largest number from below list?', '284', '289', '281', '287', '289', NULL, '2025-09-24 12:15:00', '2025-09-24 12:15:00'),
(249, 4, 'What is the largest number from below list?', '295', '291', '298', '293', '298', NULL, '2025-09-24 12:15:00', '2025-09-24 12:15:00'),
(250, 4, 'What is the largest number from below list?', '300', '305', '301', '309', '309', NULL, '2025-09-24 12:15:00', '2025-09-24 12:15:00'),
(251, 4, 'What is the largest number from below list?', '44', '33', '55', '22', '55', NULL, '2025-09-24 12:15:00', '2025-09-24 12:15:00'),
(252, 4, 'What is the largest number from below list?', '60', '70', '50', '80', '80', NULL, '2025-09-24 12:15:00', '2025-09-24 12:15:00'),
(253, 4, 'What is the largest number from below list?', '91', '89', '95', '93', '95', NULL, '2025-09-24 12:15:00', '2025-09-24 12:15:00'),
(254, 4, 'What is the largest number from below list?', '120', '110', '130', '100', '130', NULL, '2025-09-24 12:15:00', '2025-09-24 12:15:00'),
(255, 4, 'What is the largest number from below list?', '145', '155', '135', '165', '165', NULL, '2025-09-24 12:15:00', '2025-09-24 12:15:00'),
(256, 4, 'What is the largest number from below list?', '177', '188', '166', '199', '199', NULL, '2025-09-24 12:15:00', '2025-09-24 12:15:00'),
(257, 4, 'What is the largest number from below list?', '250', '350', '150', '450', '450', NULL, '2025-09-24 12:15:00', '2025-09-24 12:15:00'),
(258, 4, 'What is the largest number from below list?', '500', '400', '300', '200', '500', NULL, '2025-09-24 12:15:00', '2025-09-24 12:15:00'),
(259, 4, 'What is the largest number from below list?', '666', '777', '555', '444', '777', NULL, '2025-09-24 12:15:00', '2025-09-24 12:15:00'),
(260, 4, 'What is the largest number from below list?', '999', '899', '989', '998', '999', NULL, '2025-09-24 12:15:00', '2025-09-24 12:15:00'),
(261, 4, 'What is the smallest number from below list?', '15', '12', '18', '14', '12', NULL, '2025-09-28 18:25:00', '2025-09-28 18:25:00'),
(262, 4, 'What is the smallest number from below list?', '25', '21', '29', '23', '21', NULL, '2025-09-28 18:25:00', '2025-09-28 18:25:00'),
(263, 4, 'What is the smallest number from below list?', '33', '38', '31', '35', '31', NULL, '2025-09-28 18:25:00', '2025-09-28 18:25:00'),
(264, 4, 'What is the smallest number from below list?', '46', '42', '48', '44', '42', NULL, '2025-09-28 18:25:00', '2025-09-28 18:25:00'),
(265, 4, 'What is the smallest number from below list?', '51', '59', '55', '53', '51', NULL, '2025-09-28 18:25:00', '2025-09-28 18:25:00'),
(266, 4, 'What is the smallest number from below list?', '10', '8', '9', '11', '8', NULL, '2025-09-28 18:25:00', '2025-09-28 18:25:00'),
(267, 4, 'What is the smallest number from below list?', '19', '17', '22', '20', '17', NULL, '2025-09-28 18:25:00', '2025-09-28 18:25:00'),
(268, 4, 'What is the smallest number from below list?', '28', '30', '27', '31', '27', NULL, '2025-09-28 18:25:00', '2025-09-28 18:25:00'),
(269, 4, 'What is the smallest number from below list?', '39', '36', '40', '37', '36', NULL, '2025-09-28 18:25:00', '2025-09-28 18:25:00'),
(270, 4, 'What is the smallest number from below list?', '45', '49', '43', '47', '43', NULL, '2025-09-28 18:25:00', '2025-09-28 18:25:00'),
(271, 4, 'What is the smallest number from below list?', '58', '54', '60', '56', '54', NULL, '2025-09-28 18:25:00', '2025-09-28 18:25:00'),
(272, 4, 'What is the smallest number from below list?', '65', '61', '68', '63', '61', NULL, '2025-09-28 18:25:00', '2025-09-28 18:25:00'),
(273, 4, 'What is the smallest number from below list?', '72', '77', '70', '74', '70', NULL, '2025-09-28 18:25:00', '2025-09-28 18:25:00'),
(274, 4, 'What is the smallest number from below list?', '81', '85', '79', '83', '79', NULL, '2025-09-28 18:25:00', '2025-09-28 18:25:00'),
(275, 4, 'What is the smallest number from below list?', '94', '90', '96', '92', '90', NULL, '2025-09-28 18:25:00', '2025-09-28 18:25:00'),
(276, 4, 'What is the smallest number from below list?', '100', '102', '99', '101', '99', NULL, '2025-09-28 18:25:00', '2025-09-28 18:25:00'),
(277, 4, 'What is the smallest number from below list?', '7', '5', '9', '6', '5', NULL, '2025-09-28 18:25:00', '2025-09-28 18:25:00'),
(278, 4, 'What is the smallest number from below list?', '16', '13', '18', '15', '13', NULL, '2025-09-28 18:25:00', '2025-09-28 18:25:00'),
(279, 4, 'What is the smallest number from below list?', '24', '26', '22', '28', '22', NULL, '2025-09-28 18:25:00', '2025-09-28 18:25:00'),
(280, 4, 'What is the smallest number from below list?', '35', '32', '37', '34', '32', NULL, '2025-09-28 18:25:00', '2025-09-28 18:25:00'),
(281, 4, 'What is the smallest number from below list?', '41', '44', '40', '43', '40', NULL, '2025-09-28 18:25:00', '2025-09-28 18:25:00'),
(282, 4, 'What is the smallest number from below list?', '50', '52', '49', '51', '49', NULL, '2025-09-28 18:25:00', '2025-09-28 18:25:00'),
(283, 4, 'What is the smallest number from below list?', '62', '59', '63', '60', '59', NULL, '2025-09-28 18:25:00', '2025-09-28 18:25:00'),
(284, 4, 'What is the smallest number from below list?', '73', '71', '75', '72', '71', NULL, '2025-09-28 18:25:00', '2025-09-28 18:25:00'),
(285, 4, 'What is the smallest number from below list?', '84', '82', '86', '80', '80', NULL, '2025-09-28 18:25:00', '2025-09-28 18:25:00'),
(286, 4, 'What is the smallest number from below list?', '95', '91', '97', '93', '91', NULL, '2025-09-28 18:25:00', '2025-09-28 18:25:00'),
(287, 4, 'What is the smallest number from below list?', '104', '101', '106', '103', '101', NULL, '2025-09-28 18:25:00', '2025-09-28 18:25:00'),
(288, 4, 'What is the smallest number from below list?', '110', '112', '109', '111', '109', NULL, '2025-09-28 18:25:00', '2025-09-28 18:25:00'),
(289, 4, 'What is the smallest number from below list?', '120', '118', '122', '116', '116', NULL, '2025-09-28 18:25:00', '2025-09-28 18:25:00'),
(290, 4, 'What is the smallest number from below list?', '131', '129', '133', '127', '127', NULL, '2025-09-28 18:25:00', '2025-09-28 18:25:00'),
(291, 4, 'What is the smallest number from below list?', '142', '140', '144', '138', '138', NULL, '2025-09-28 18:25:00', '2025-09-28 18:25:00'),
(292, 4, 'What is the smallest number from below list?', '153', '151', '155', '149', '149', NULL, '2025-09-28 18:25:00', '2025-09-28 18:25:00'),
(293, 4, 'What is the smallest number from below list?', '164', '162', '166', '150', '150', NULL, '2025-09-28 18:25:00', '2025-09-28 18:25:00'),
(294, 4, 'What is the smallest number from below list?', '175', '173', '177', '171', '171', NULL, '2025-09-28 18:25:00', '2025-09-28 18:25:00'),
(295, 4, 'What is the smallest number from below list?', '186', '184', '188', '182', '182', NULL, '2025-09-28 18:25:00', '2025-09-28 18:25:00'),
(296, 4, 'What is the smallest number from below list?', '197', '195', '199', '193', '193', NULL, '2025-09-28 18:25:00', '2025-09-28 18:25:00'),
(297, 4, 'What is the smallest number from below list?', '208', '206', '210', '204', '204', NULL, '2025-09-28 18:25:00', '2025-09-28 18:25:00'),
(298, 4, 'What is the smallest number from below list?', '219', '217', '221', '215', '215', NULL, '2025-09-28 18:25:00', '2025-09-28 18:25:00'),
(299, 4, 'What is the smallest number from below list?', '230', '228', '232', '226', '226', NULL, '2025-09-28 18:25:00', '2025-09-28 18:25:00'),
(300, 4, 'What is the smallest number from below list?', '241', '239', '243', '237', '237', NULL, '2025-09-28 18:25:00', '2025-09-28 18:25:00'),
(301, 4, 'What is the smallest number from below list?', '252', '250', '254', '248', '248', NULL, '2025-09-28 18:25:00', '2025-09-28 18:25:00'),
(302, 4, 'What is the smallest number from below list?', '263', '261', '265', '259', '259', NULL, '2025-09-28 18:25:00', '2025-09-28 18:25:00'),
(303, 4, 'What is the smallest number from below list?', '274', '272', '276', '270', '270', NULL, '2025-09-28 18:25:00', '2025-09-28 18:25:00'),
(304, 4, 'What is the smallest number from below list?', '285', '283', '287', '281', '281', NULL, '2025-09-28 18:25:00', '2025-09-28 18:25:00'),
(305, 4, 'What is the smallest number from below list?', '296', '294', '298', '292', '292', NULL, '2025-09-28 18:25:00', '2025-09-28 18:25:00'),
(306, 4, 'What is the smallest number from below list?', '307', '305', '309', '303', '303', NULL, '2025-09-28 18:25:00', '2025-09-28 18:25:00'),
(307, 4, 'What is the smallest number from below list?', '318', '316', '320', '314', '314', NULL, '2025-09-28 18:25:00', '2025-09-28 18:25:00'),
(308, 4, 'What is the smallest number from below list?', '329', '327', '331', '325', '325', NULL, '2025-09-28 18:25:00', '2025-09-28 18:25:00'),
(309, 4, 'What is the smallest number from below list?', '340', '338', '342', '336', '336', NULL, '2025-09-28 18:25:00', '2025-09-28 18:25:00'),
(310, 4, 'What is the smallest number from below list?', '351', '349', '353', '347', '347', NULL, '2025-09-28 18:25:00', '2025-09-28 18:25:00'),
(411, 3, '🍎🍎🍎🍎🍎', '3', '5', '2', '4', '5', NULL, '2025-09-29 17:10:00', '2025-09-29 17:10:00'),
(412, 3, '🐶🐶🐶', '3', '1', '4', '2', '3', NULL, '2025-09-29 17:10:00', '2025-09-29 17:10:00'),
(413, 3, '⭐⭐⭐⭐⭐⭐', '5', '7', '6', '4', '6', NULL, '2025-09-29 17:10:00', '2025-09-29 17:10:00'),
(414, 3, '⚽️⚽️⚽️⚽️', '4', '2', '5', '3', '4', NULL, '2025-09-29 17:10:00', '2025-09-29 17:10:00'),
(415, 3, '🍕🍕', '2', '3', '1', '4', '2', NULL, '2025-09-29 17:10:00', '2025-09-29 17:10:00'),
(416, 3, '🚗🚗🚗🚗🚗🚗🚗', '6', '5', '7', '8', '7', NULL, '2025-09-29 17:10:00', '2025-09-29 17:10:00'),
(417, 3, '🎈🎈🎈🎈🎈🎈🎈🎈', '7', '9', '8', '6', '8', NULL, '2025-09-29 17:10:00', '2025-09-29 17:10:00'),
(418, 3, '🎂🎂🎂', '1', '2', '3', '4', '3', NULL, '2025-09-29 17:10:00', '2025-09-29 17:10:00'),
(419, 3, '🌲🌲🌲🌲🌲', '4', '6', '3', '5', '5', NULL, '2025-09-29 17:10:00', '2025-09-29 17:10:00'),
(420, 3, '🎁🎁🎁🎁', '4', '3', '5', '2', '4', NULL, '2025-09-29 17:10:00', '2025-09-29 17:10:00'),
(421, 3, '🐱🐱🐱🐱🐱🐱', '5', '6', '4', '7', '6', NULL, '2025-09-29 17:10:00', '2025-09-29 17:10:00'),
(422, 3, '🍌🍌🍌', '2', '3', '4', '1', '3', NULL, '2025-09-29 17:10:00', '2025-09-29 17:10:00'),
(423, 3, '💡💡💡💡💡💡💡', '7', '6', '5', '8', '7', NULL, '2025-09-29 17:10:00', '2025-09-29 17:10:00'),
(424, 3, '🎸🎸', '1', '3', '2', '4', '2', NULL, '2025-09-29 17:10:00', '2025-09-29 17:10:00'),
(425, 3, '🔑🔑🔑🔑🔑', '4', '5', '6', '3', '5', NULL, '2025-09-29 17:10:00', '2025-09-29 17:10:00'),
(426, 3, '🚀🚀🚀🚀', '3', '2', '5', '4', '4', NULL, '2025-09-29 17:10:00', '2025-09-29 17:10:00'),
(427, 3, '🦊🦊🦊', '3', '2', '1', '4', '3', NULL, '2025-09-29 17:10:00', '2025-09-29 17:10:00'),
(428, 3, '💎💎💎💎💎💎', '6', '5', '7', '4', '6', NULL, '2025-09-29 17:10:00', '2025-09-29 17:10:00'),
(429, 3, '🍩🍩🍩🍩🍩🍩🍩🍩', '8', '7', '6', '9', '8', NULL, '2025-09-29 17:10:00', '2025-09-29 17:10:00'),
(430, 3, '🤖🤖🤖🤖', '3', '4', '2', '5', '4', NULL, '2025-09-29 17:10:00', '2025-09-29 17:10:00'),
(431, 3, '🌻🌻🌻🌻🌻', '4', '6', '5', '3', '5', NULL, '2025-09-29 17:10:00', '2025-09-29 17:10:00'),
(432, 3, '🍔🍔🍔', '2', '3', '1', '4', '3', NULL, '2025-09-29 17:10:00', '2025-09-29 17:10:00'),
(433, 3, '🚲🚲🚲🚲🚲🚲🚲', '6', '8', '5', '7', '7', NULL, '2025-09-29 17:10:00', '2025-09-29 17:10:00'),
(434, 3, '🐼🐼', '1', '2', '3', '4', '2', NULL, '2025-09-29 17:10:00', '2025-09-29 17:10:00'),
(435, 3, '👑👑👑👑👑', '4', '3', '5', '6', '5', NULL, '2025-09-29 17:10:00', '2025-09-29 17:10:00'),
(436, 3, '🏀🏀🏀🏀🏀🏀', '5', '6', '4', '7', '6', NULL, '2025-09-29 17:10:00', '2025-09-29 17:10:00'),
(437, 3, '🍓🍓🍓🍓🍓🍓🍓🍓🍓', '8', '7', '10', '9', '9', NULL, '2025-09-29 17:10:00', '2025-09-29 17:10:00'),
(438, 3, '🐧🐧🐧🐧', '3', '5', '4', '2', '4', NULL, '2025-09-29 17:10:00', '2025-09-29 17:10:00'),
(439, 3, '💰💰💰💰💰💰💰💰💰💰', '10', '9', '8', '7', '10', NULL, '2025-09-29 17:10:00', '2025-09-29 17:10:00'),
(440, 3, '📚📚📚', '2', '1', '4', '3', '3', NULL, '2025-09-29 17:10:00', '2025-09-29 17:10:00'),
(441, 3, '🐙🐙🐙🐙🐙', '4', '5', '3', '6', '5', NULL, '2025-09-29 17:10:00', '2025-09-29 17:10:00'),
(442, 3, '🍪🍪🍪🍪🍪🍪🍪', '6', '7', '5', '8', '7', NULL, '2025-09-29 17:10:00', '2025-09-29 17:10:00'),
(443, 3, '🏠🏠', '1', '3', '2', '4', '2', NULL, '2025-09-29 17:10:00', '2025-09-29 17:10:00'),
(444, 3, '🎃🎃🎃🎃🎃🎃', '5', '7', '6', '4', '6', NULL, '2025-09-29 17:10:00', '2025-09-29 17:10:00'),
(445, 3, '👻👻👻👻', '3', '5', '4', '2', '4', NULL, '2025-09-29 17:10:00', '2025-09-29 17:10:00'),
(446, 3, '👽👽👽', '2', '1', '3', '4', '3', NULL, '2025-09-29 17:10:00', '2025-09-29 17:10:00'),
(447, 3, '☀️', '2', '3', '1', '4', '1', NULL, '2025-09-29 17:10:00', '2025-09-29 17:10:00'),
(448, 3, '🌙🌙🌙🌙🌙', '5', '4', '3', '6', '5', NULL, '2025-09-29 17:10:00', '2025-09-29 17:10:00'),
(449, 3, '☁️☁️☁️☁️☁️☁️☁️', '6', '5', '7', '8', '7', NULL, '2025-09-29 17:10:00', '2025-09-29 17:10:00'),
(450, 3, '🔥🔥🔥🔥', '3', '4', '2', '5', '4', NULL, '2025-09-29 17:10:00', '2025-09-29 17:10:00'),
(451, 3, '💧💧💧💧💧💧💧💧', '7', '9', '8', '6', '8', NULL, '2025-09-29 17:10:00', '2025-09-29 17:10:00'),
(452, 3, '💻💻💻', '2', '4', '1', '3', '3', NULL, '2025-09-29 17:10:00', '2025-09-29 17:10:00'),
(453, 3, '📱📱📱📱📱', '4', '5', '3', '6', '5', NULL, '2025-09-29 17:10:00', '2025-09-29 17:10:00'),
(454, 3, '⌚️⌚️', '1', '3', '2', '4', '2', NULL, '2025-09-29 17:10:00', '2025-09-29 17:10:00'),
(455, 3, '🐸🐸🐸🐸🐸🐸', '5', '6', '4', '7', '6', NULL, '2025-09-29 17:10:00', '2025-09-29 17:10:00'),
(456, 3, '🦋🦋🦋🦋🦋🦋🦋🦋🦋', '9', '8', '7', '6', '9', NULL, '2025-09-29 17:10:00', '2025-09-29 17:10:00'),
(457, 3, '🐞🐞🐞🐞', '3', '4', '2', '5', '4', NULL, '2025-09-29 17:10:00', '2025-09-29 17:10:00'),
(458, 3, '🐠🐠🐠🐠🐠🐠🐠', '6', '7', '5', '8', '7', NULL, '2025-09-29 17:10:00', '2025-09-29 17:10:00'),
(459, 3, '🐢🐢🐢', '2', '1', '3', '4', '3', NULL, '2025-09-29 17:10:00', '2025-09-29 17:10:00'),
(460, 3, '🍦🍦🍦🍦🍦', '4', '5', '3', '6', '5', NULL, '2025-09-29 17:10:00', '2025-09-29 17:10:00'),
(511, 2, 'Find Missing Letter Between (A, B, _, D)', 'Letter C', 'Letter E', 'Letter F', 'Letter G', 'Letter C', NULL, '2025-09-29 17:15:00', '2025-09-29 17:15:00'),
(512, 2, 'Find Missing Letter Between (B, C, _, E)', 'Letter D', 'Letter F', 'Letter G', 'Letter H', 'Letter D', NULL, '2025-09-29 17:15:00', '2025-09-29 17:15:00'),
(513, 2, 'Find Missing Letter Between (C, D, _, F)', 'Letter E', 'Letter G', 'Letter H', 'Letter I', 'Letter E', NULL, '2025-09-29 17:15:00', '2025-09-29 17:15:00'),
(514, 2, 'Find Missing Letter Between (D, E, _, G)', 'Letter F', 'Letter H', 'Letter I', 'Letter J', 'Letter F', NULL, '2025-09-29 17:15:00', '2025-09-29 17:15:00'),
(515, 2, 'Find Missing Letter Between (E, F, _, H)', 'Letter G', 'Letter I', 'Letter J', 'Letter K', 'Letter G', NULL, '2025-09-29 17:15:00', '2025-09-29 17:15:00'),
(516, 2, 'Find Missing Letter Between (F, G, _, I)', 'Letter H', 'Letter J', 'Letter K', 'Letter L', 'Letter H', NULL, '2025-09-29 17:15:00', '2025-09-29 17:15:00'),
(517, 2, 'Find Missing Letter Between (G, H, _, J)', 'Letter I', 'Letter K', 'Letter L', 'Letter M', 'Letter I', NULL, '2025-09-29 17:15:00', '2025-09-29 17:15:00'),
(518, 2, 'Find Missing Letter Between (H, I, _, K)', 'Letter J', 'Letter L', 'Letter M', 'Letter N', 'Letter J', NULL, '2025-09-29 17:15:00', '2025-09-29 17:15:00'),
(519, 2, 'Find Missing Letter Between (I, J, _, L)', 'Letter K', 'Letter M', 'Letter N', 'Letter O', 'Letter K', NULL, '2025-09-29 17:15:00', '2025-09-29 17:15:00'),
(520, 2, 'Find Missing Letter Between (J, K, _, M)', 'Letter L', 'Letter N', 'Letter O', 'Letter P', 'Letter L', NULL, '2025-09-29 17:15:00', '2025-09-29 17:15:00'),
(521, 2, 'Find Missing Letter Between (K, L, _, N)', 'Letter M', 'Letter O', 'Letter P', 'Letter Q', 'Letter M', NULL, '2025-09-29 17:15:00', '2025-09-29 17:15:00'),
(522, 2, 'Find Missing Letter Between (L, M, _, O)', 'Letter N', 'Letter P', 'Letter Q', 'Letter R', 'Letter N', NULL, '2025-09-29 17:15:00', '2025-09-29 17:15:00'),
(523, 2, 'Find Missing Letter Between (M, N, _, P)', 'Letter O', 'Letter Q', 'Letter R', 'Letter S', 'Letter O', NULL, '2025-09-29 17:15:00', '2025-09-29 17:15:00'),
(524, 2, 'Find Missing Letter Between (N, O, _, Q)', 'Letter P', 'Letter R', 'Letter S', 'Letter T', 'Letter P', NULL, '2025-09-29 17:15:00', '2025-09-29 17:15:00'),
(525, 2, 'Find Missing Letter Between (O, P, _, R)', 'Letter Q', 'Letter S', 'Letter T', 'Letter U', 'Letter Q', NULL, '2025-09-29 17:15:00', '2025-09-29 17:15:00'),
(526, 2, 'Find Missing Letter Between (P, Q, _, S)', 'Letter R', 'Letter T', 'Letter U', 'Letter V', 'Letter R', NULL, '2025-09-29 17:15:00', '2025-09-29 17:15:00'),
(527, 2, 'Find Missing Letter Between (Q, R, _, T)', 'Letter S', 'Letter U', 'Letter V', 'Letter W', 'Letter S', NULL, '2025-09-29 17:15:00', '2025-09-29 17:15:00'),
(528, 2, 'Find Missing Letter Between (R, S, _, U)', 'Letter T', 'Letter V', 'Letter W', 'Letter X', 'Letter T', NULL, '2025-09-29 17:15:00', '2025-09-29 17:15:00'),
(529, 2, 'Find Missing Letter Between (S, T, _, V)', 'Letter U', 'Letter W', 'Letter X', 'Letter Y', 'Letter U', NULL, '2025-09-29 17:15:00', '2025-09-29 17:15:00'),
(530, 2, 'Find Missing Letter Between (T, U, _, W)', 'Letter V', 'Letter X', 'Letter Y', 'Letter Z', 'Letter V', NULL, '2025-09-29 17:15:00', '2025-09-29 17:15:00'),
(531, 2, 'Find Missing Letter Between (U, V, _, X)', 'Letter W', 'Letter Y', 'Letter Z', 'Letter A', 'Letter W', NULL, '2025-09-29 17:15:00', '2025-09-29 17:15:00'),
(532, 2, 'Find Missing Letter Between (V, W, _, Y)', 'Letter X', 'Letter Z', 'Letter A', 'Letter B', 'Letter X', NULL, '2025-09-29 17:15:00', '2025-09-29 17:15:00'),
(533, 2, 'Find Missing Letter Between (W, X, _, Z)', 'Letter Y', 'Letter A', 'Letter B', 'Letter C', 'Letter Y', NULL, '2025-09-29 17:15:00', '2025-09-29 17:15:00'),
(534, 2, 'Find Missing Letter Between (X, Y, _, A)', 'Letter Z', 'Letter B', 'Letter C', 'Letter D', 'Letter Z', NULL, '2025-09-29 17:15:00', '2025-09-29 17:15:00'),
(535, 2, 'Find Missing Letter Between (Y, Z, _, B)', 'Letter A', 'Letter C', 'Letter D', 'Letter E', 'Letter A', NULL, '2025-09-29 17:15:00', '2025-09-29 17:15:00'),
(536, 2, 'Find Missing Letter Between (Z, A, _, C)', 'Letter B', 'Letter D', 'Letter E', 'Letter F', 'Letter B', NULL, '2025-09-29 17:15:00', '2025-09-29 17:15:00'),
(537, 2, 'Find Missing Letter Between (T, _, V, W)', 'Letter U', 'Letter S', 'Letter R', 'Letter X', 'Letter U', NULL, '2025-09-29 17:15:00', '2025-09-29 17:15:00'),
(538, 2, 'Find Missing Letter Between (O, _, Q, R)', 'Letter P', 'Letter N', 'Letter S', 'Letter M', 'Letter P', NULL, '2025-09-29 17:15:00', '2025-09-29 17:15:00'),
(539, 2, 'Find Missing Letter Between (H, _, J, K)', 'Letter I', 'Letter G', 'Letter L', 'Letter F', 'Letter I', NULL, '2025-09-29 17:15:00', '2025-09-29 17:15:00'),
(540, 2, 'Find Missing Letter Between (A, _, C, D)', 'Letter B', 'Letter E', 'Letter Z', 'Letter F', 'Letter B', NULL, '2025-09-29 17:15:00', '2025-09-29 17:15:00'),
(541, 2, 'Find Missing Letter Between (M, _, O, P)', 'Letter N', 'Letter L', 'Letter Q', 'Letter K', 'Letter N', NULL, '2025-09-29 17:15:00', '2025-09-29 17:15:00'),
(542, 2, 'Find Missing Letter Between (Q, _, S, T)', 'Letter R', 'Letter P', 'Letter U', 'Letter O', 'Letter R', NULL, '2025-09-29 17:15:00', '2025-09-29 17:15:00'),
(543, 2, 'Find Missing Letter Between (G, _, I, J)', 'Letter H', 'Letter F', 'Letter K', 'Letter E', 'Letter H', NULL, '2025-09-29 17:15:00', '2025-09-29 17:15:00'),
(544, 2, 'Find Missing Letter Between (X, _, Z, A)', 'Letter Y', 'Letter W', 'Letter B', 'Letter V', 'Letter Y', NULL, '2025-09-29 17:15:00', '2025-09-29 17:15:00'),
(545, 2, 'Find Missing Letter Between (B, _, D, E)', 'Letter C', 'Letter A', 'Letter F', 'Letter Z', 'Letter C', NULL, '2025-09-29 17:15:00', '2025-09-29 17:15:00'),
(546, 2, 'Find Missing Letter Between (R, _, T, U)', 'Letter S', 'Letter Q', 'Letter V', 'Letter P', 'Letter S', NULL, '2025-09-29 17:15:00', '2025-09-29 17:15:00'),
(547, 2, 'Find Missing Letter Between (K, _, M, N)', 'Letter L', 'Letter J', 'Letter O', 'Letter I', 'Letter L', NULL, '2025-09-29 17:15:00', '2025-09-29 17:15:00'),
(548, 2, 'Find Missing Letter Between (F, _, H, I)', 'Letter G', 'Letter E', 'Letter J', 'Letter D', 'Letter G', NULL, '2025-09-29 17:15:00', '2025-09-29 17:15:00'),
(549, 2, 'Find Missing Letter Between (V, _, X, Y)', 'Letter W', 'Letter U', 'Letter Z', 'Letter T', 'Letter W', NULL, '2025-09-29 17:15:00', '2025-09-29 17:15:00'),
(550, 2, 'Find Missing Letter Between (D, _, F, G)', 'Letter E', 'Letter C', 'Letter H', 'Letter B', 'Letter E', NULL, '2025-09-29 17:15:00', '2025-09-29 17:15:00'),
(551, 2, 'Find Missing Letter Between (U, _, W, X)', 'Letter V', 'Letter T', 'Letter Y', 'Letter S', 'Letter V', NULL, '2025-09-29 17:15:00', '2025-09-29 17:15:00'),
(552, 2, 'Find Missing Letter Between (I, _, K, L)', 'Letter J', 'Letter H', 'Letter M', 'Letter G', 'Letter J', NULL, '2025-09-29 17:15:00', '2025-09-29 17:15:00'),
(553, 2, 'Find Missing Letter Between (P, _, R, S)', 'Letter Q', 'Letter O', 'Letter T', 'Letter N', 'Letter Q', NULL, '2025-09-29 17:15:00', '2025-09-29 17:15:00'),
(554, 2, 'Find Missing Letter Between (E, _, G, H)', 'Letter F', 'Letter D', 'Letter I', 'Letter C', 'Letter F', NULL, '2025-09-29 17:15:00', '2025-09-29 17:15:00'),
(555, 2, 'Find Missing Letter Between (W, _, Y, Z)', 'Letter X', 'Letter V', 'Letter A', 'Letter U', 'Letter X', NULL, '2025-09-29 17:15:00', '2025-09-29 17:15:00'),
(556, 2, 'Find Missing Letter Between (C, _, E, F)', 'Letter D', 'Letter B', 'Letter G', 'Letter A', 'Letter D', NULL, '2025-09-29 17:15:00', '2025-09-29 17:15:00'),
(557, 2, 'Find Missing Letter Between (S, _, U, V)', 'Letter T', 'Letter R', 'Letter W', 'Letter Q', 'Letter T', NULL, '2025-09-29 17:15:00', '2025-09-29 17:15:00'),
(558, 2, 'Find Missing Letter Between (L, _, N, O)', 'Letter M', 'Letter K', 'Letter P', 'Letter J', 'Letter M', NULL, '2025-09-29 17:15:00', '2025-09-29 17:15:00'),
(559, 2, 'Find Missing Letter Between (Y, _, A, B)', 'Letter Z', 'Letter X', 'Letter C', 'Letter W', 'Letter Z', NULL, '2025-09-29 17:15:00', '2025-09-29 17:15:00'),
(560, 2, 'Find Missing Letter Between (J, _, L, M)', 'Letter K', 'Letter I', 'Letter N', 'Letter H', 'Letter K', NULL, '2025-09-29 17:15:00', '2025-09-29 17:15:00'),
(561, 3, '🥕🥕🥕🥕', '3', '4', '5', '2', '4', NULL, '2025-09-29 17:15:00', '2025-09-29 17:15:00'),
(562, 3, '🥦🥦🥦🥦🥦🥦', '5', '6', '7', '4', '6', NULL, '2025-09-29 17:15:00', '2025-09-29 17:15:00'),
(563, 3, '🍇🍇🍇🍇🍇🍇🍇', '6', '7', '8', '5', '7', NULL, '2025-09-29 17:15:00', '2025-09-29 17:15:00'),
(564, 3, '🍉🍉🍉', '2', '3', '4', '1', '3', NULL, '2025-09-29 17:15:00', '2025-09-29 17:15:00'),
(565, 3, '🍊🍊🍊🍊🍊', '4', '5', '6', '3', '5', NULL, '2025-09-29 17:15:00', '2025-09-29 17:15:00'),
(566, 3, '🍋🍋', '1', '2', '3', '4', '2', NULL, '2025-09-29 17:15:00', '2025-09-29 17:15:00'),
(567, 3, '🥝🥝🥝🥝🥝🥝', '5', '6', '7', '8', '6', NULL, '2025-09-29 17:15:00', '2025-09-29 17:15:00'),
(568, 3, '🍅🍅🍅🍅🍅🍅🍅🍅', '7', '8', '9', '6', '8', NULL, '2025-09-29 17:15:00', '2025-09-29 17:15:00'),
(569, 3, '🍆🍆🍆🍆', '3', '4', '5', '2', '4', NULL, '2025-09-29 17:15:00', '2025-09-29 17:15:00'),
(570, 3, '🥑🥑🥑🥑🥑', '4', '5', '6', '7', '5', NULL, '2025-09-29 17:15:00', '2025-09-29 17:15:00'),
(571, 3, '🌶️🌶️🌶️🌶️🌶️🌶️🌶️', '6', '7', '8', '5', '7', NULL, '2025-09-29 17:15:00', '2025-09-29 17:15:00'),
(572, 3, '🌽🌽🌽', '2', '3', '4', '1', '3', NULL, '2025-09-29 17:15:00', '2025-09-29 17:15:00'),
(573, 3, '🍄🍄🍄🍄🍄', '4', '5', '6', '3', '5', NULL, '2025-09-29 17:15:00', '2025-09-29 17:15:00'),
(574, 3, '🥜🥜🥜🥜🥜🥜', '5', '6', '7', '4', '6', NULL, '2025-09-29 17:15:00', '2025-09-29 17:15:00'),
(575, 3, '🍞🍞', '1', '2', '3', '4', '2', NULL, '2025-09-29 17:15:00', '2025-09-29 17:15:00'),
(576, 3, '🥐🥐🥐🥐', '3', '4', '5', '2', '4', NULL, '2025-09-29 17:15:00', '2025-09-29 17:15:00'),
(577, 3, '🥖🥖🥖🥖🥖', '4', '5', '6', '3', '5', NULL, '2025-09-29 17:15:00', '2025-09-29 17:15:00'),
(578, 3, '🥨🥨🥨', '2', '3', '4', '1', '3', NULL, '2025-09-29 17:15:00', '2025-09-29 17:15:00'),
(579, 3, '🥞🥞🥞🥞🥞🥞', '5', '6', '7', '4', '6', NULL, '2025-09-29 17:15:00', '2025-09-29 17:15:00'),
(580, 3, '🧇🧇🧇🧇🧇', '4', '5', '6', '3', '5', NULL, '2025-09-29 17:15:00', '2025-09-29 17:15:00'),
(581, 3, '🧀🧀🧀🧀', '3', '4', '5', '2', '4', NULL, '2025-09-29 17:15:00', '2025-09-29 17:15:00'),
(582, 3, '🍖🍖🍖', '2', '3', '4', '1', '3', NULL, '2025-09-29 17:15:00', '2025-09-29 17:15:00'),
(583, 3, '🍗🍗', '1', '2', '3', '4', '2', NULL, '2025-09-29 17:15:00', '2025-09-29 17:15:00'),
(584, 3, '🥩🥩🥩🥩🥩', '4', '5', '6', '3', '5', NULL, '2025-09-29 17:15:00', '2025-09-29 17:15:00'),
(585, 3, '🥓🥓🥓🥓🥓🥓', '5', '6', '7', '4', '6', NULL, '2025-09-29 17:15:00', '2025-09-29 17:15:00'),
(586, 3, '🌭🌭🌭🌭', '3', '4', '5', '2', '4', NULL, '2025-09-29 17:15:00', '2025-09-29 17:15:00'),
(587, 3, '🍟🍟🍟🍟🍟', '4', '5', '6', '3', '5', NULL, '2025-09-29 17:15:00', '2025-09-29 17:15:00'),
(588, 3, '🌮🌮🌮', '2', '3', '4', '1', '3', NULL, '2025-09-29 17:15:00', '2025-09-29 17:15:00'),
(589, 3, '🌯🌯', '1', '2', '3', '4', '2', NULL, '2025-09-29 17:15:00', '2025-09-29 17:15:00'),
(590, 3, '🥗🥗🥗🥗', '3', '4', '5', '2', '4', NULL, '2025-09-29 17:15:00', '2025-09-29 17:15:00'),
(591, 3, '🥪🥪🥪🥪🥪', '4', '5', '6', '3', '5', NULL, '2025-09-29 17:15:00', '2025-09-29 17:15:00'),
(592, 3, '🥙🥙🥙🥙🥙🥙', '5', '6', '7', '4', '6', NULL, '2025-09-29 17:15:00', '2025-09-29 17:15:00'),
(593, 3, '🧆🧆🧆', '2', '3', '4', '1', '3', NULL, '2025-09-29 17:15:00', '2025-09-29 17:15:00'),
(594, 3, '🥚🥚🥚🥚', '3', '4', '5', '2', '4', NULL, '2025-09-29 17:15:00', '2025-09-29 17:15:00'),
(595, 3, '🥘🥘', '1', '2', '3', '4', '2', NULL, '2025-09-29 17:15:00', '2025-09-29 17:15:00'),
(596, 3, '🍲🍲🍲🍲🍲', '4', '5', '6', '3', '5', NULL, '2025-09-29 17:15:00', '2025-09-29 17:15:00'),
(597, 3, '🥣🥣🥣🥣🥣🥣', '5', '6', '7', '4', '6', NULL, '2025-09-29 17:15:00', '2025-09-29 17:15:00'),
(598, 3, '🍿🍿🍿', '2', '3', '4', '1', '3', NULL, '2025-09-29 17:15:00', '2025-09-29 17:15:00'),
(599, 3, '🧈🧈🧈🧈', '3', '4', '5', '2', '4', NULL, '2025-09-29 17:15:00', '2025-09-29 17:15:00'),
(600, 3, '🧂🧂', '1', '2', '3', '4', '2', NULL, '2025-09-29 17:15:00', '2025-09-29 17:15:00'),
(601, 3, '🥫🥫🥫🥫🥫', '4', '5', '6', '3', '5', NULL, '2025-09-29 17:15:00', '2025-09-29 17:15:00'),
(602, 3, '🍱🍱🍱🍱🍱🍱', '5', '6', '7', '4', '6', NULL, '2025-09-29 17:15:00', '2025-09-29 17:15:00'),
(603, 3, '🍘🍘🍘', '2', '3', '4', '1', '3', NULL, '2025-09-29 17:15:00', '2025-09-29 17:15:00'),
(604, 3, '🍙🍙🍙🍙', '3', '4', '5', '2', '4', NULL, '2025-09-29 17:15:00', '2025-09-29 17:15:00'),
(605, 3, '🍚🍚', '1', '2', '3', '4', '2', NULL, '2025-09-29 17:15:00', '2025-09-29 17:15:00'),
(606, 3, '🍛🍛🍛🍛🍛', '4', '5', '6', '3', '5', NULL, '2025-09-29 17:15:00', '2025-09-29 17:15:00'),
(607, 3, '🍜🍜🍜🍜🍜🍜', '5', '6', '7', '4', '6', NULL, '2025-09-29 17:15:00', '2025-09-29 17:15:00'),
(608, 3, '🍝🍝🍝', '2', '3', '4', '1', '3', NULL, '2025-09-29 17:15:00', '2025-09-29 17:15:00'),
(609, 3, '🍠🍠🍠🍠', '3', '4', '5', '2', '4', NULL, '2025-09-29 17:15:00', '2025-09-29 17:15:00'),
(610, 3, '🍢🍢', '1', '2', '3', '4', '2', NULL, '2025-09-29 17:15:00', '2025-09-29 17:15:00'),
(611, 4, 'What is the smallest number from below list?', '101', '110', '100', '111', '100', NULL, '2025-09-29 17:15:00', '2025-09-29 17:15:00'),
(612, 4, 'What is the smallest number from below list?', '123', '132', '121', '112', '112', NULL, '2025-09-29 17:15:00', '2025-09-29 17:15:00'),
(613, 4, 'What is the smallest number from below list?', '145', '154', '144', '155', '144', NULL, '2025-09-29 17:15:00', '2025-09-29 17:15:00'),
(614, 4, 'What is the smallest number from below list?', '168', '186', '166', '188', '166', NULL, '2025-09-29 17:15:00', '2025-09-29 17:15:00'),
(615, 4, 'What is the smallest number from below list?', '199', '190', '200', '201', '190', NULL, '2025-09-29 17:15:00', '2025-09-29 17:15:00'),
(616, 4, 'What is the smallest number from below list?', '212', '221', '211', '222', '211', NULL, '2025-09-29 17:15:00', '2025-09-29 17:15:00'),
(617, 4, 'What is the smallest number from below list?', '234', '243', '233', '244', '233', NULL, '2025-09-29 17:15:00', '2025-09-29 17:15:00'),
(618, 4, 'What is the smallest number from below list?', '256', '265', '255', '266', '255', NULL, '2025-09-29 17:15:00', '2025-09-29 17:15:00'),
(619, 4, 'What is the smallest number from below list?', '278', '287', '277', '288', '277', NULL, '2025-09-29 17:15:00', '2025-09-29 17:15:00'),
(620, 4, 'What is the smallest number from below list?', '300', '299', '301', '302', '299', NULL, '2025-09-29 17:15:00', '2025-09-29 17:15:00'),
(621, 4, 'What is the smallest number from below list?', '313', '331', '311', '333', '311', NULL, '2025-09-29 17:15:00', '2025-09-29 17:15:00'),
(622, 4, 'What is the smallest number from below list?', '324', '342', '322', '344', '322', NULL, '2025-09-29 17:15:00', '2025-09-29 17:15:00'),
(623, 4, 'What is the smallest number from below list?', '356', '365', '355', '366', '355', NULL, '2025-09-29 17:15:00', '2025-09-29 17:15:00'),
(624, 4, 'What is the smallest number from below list?', '378', '387', '377', '388', '377', NULL, '2025-09-29 17:15:00', '2025-09-29 17:15:00'),
(625, 4, 'What is the smallest number from below list?', '401', '410', '400', '411', '400', NULL, '2025-09-29 17:15:00', '2025-09-29 17:15:00'),
(626, 4, 'What is the smallest number from below list?', '414', '441', '411', '444', '411', NULL, '2025-09-29 17:15:00', '2025-09-29 17:15:00'),
(627, 4, 'What is the smallest number from below list?', '425', '452', '422', '455', '422', NULL, '2025-09-29 17:15:00', '2025-09-29 17:15:00'),
(628, 4, 'What is the smallest number from below list?', '436', '463', '433', '466', '433', NULL, '2025-09-29 17:15:00', '2025-09-29 17:15:00'),
(629, 4, 'What is the smallest number from below list?', '478', '487', '477', '488', '477', NULL, '2025-09-29 17:15:00', '2025-09-29 17:15:00'),
(630, 4, 'What is the smallest number from below list?', '502', '520', '500', '522', '500', NULL, '2025-09-29 17:15:00', '2025-09-29 17:15:00'),
(631, 4, 'What is the smallest number from below list?', '515', '551', '511', '555', '511', NULL, '2025-09-29 17:15:00', '2025-09-29 17:15:00'),
(632, 4, 'What is the smallest number from below list?', '526', '562', '522', '566', '522', NULL, '2025-09-29 17:15:00', '2025-09-29 17:15:00'),
(633, 4, 'What is the smallest number from below list?', '537', '573', '533', '577', '533', NULL, '2025-09-29 17:15:00', '2025-09-29 17:15:00'),
(634, 4, 'What is the smallest number from below list?', '548', '584', '544', '588', '544', NULL, '2025-09-29 17:15:00', '2025-09-29 17:15:00'),
(635, 4, 'What is the smallest number from below list?', '603', '630', '600', '633', '600', NULL, '2025-09-29 17:15:00', '2025-09-29 17:15:00'),
(636, 4, 'What is the smallest number from below list?', '616', '661', '611', '666', '611', NULL, '2025-09-29 17:15:00', '2025-09-29 17:15:00'),
(637, 4, 'What is the smallest number from below list?', '627', '672', '622', '677', '622', NULL, '2025-09-29 17:15:00', '2025-09-29 17:15:00'),
(638, 4, 'What is the smallest number from below list?', '638', '683', '633', '688', '633', NULL, '2025-09-29 17:15:00', '2025-09-29 17:15:00'),
(639, 4, 'What is the smallest number from below list?', '649', '694', '644', '699', '644', NULL, '2025-09-29 17:15:00', '2025-09-29 17:15:00'),
(640, 4, 'What is the smallest number from below list?', '704', '740', '700', '744', '700', NULL, '2025-09-29 17:15:00', '2025-09-29 17:15:00'),
(641, 4, 'What is the smallest number from below list?', '717', '771', '711', '777', '711', NULL, '2025-09-29 17:15:00', '2025-09-29 17:15:00'),
(642, 4, 'What is the smallest number from below list?', '728', '782', '722', '788', '722', NULL, '2025-09-29 17:15:00', '2025-09-29 17:15:00'),
(643, 4, 'What is the smallest number from below list?', '739', '793', '733', '799', '733', NULL, '2025-09-29 17:15:00', '2025-09-29 17:15:00'),
(644, 4, 'What is the smallest number from below list?', '750', '705', '755', '751', '705', NULL, '2025-09-29 17:15:00', '2025-09-29 17:15:00'),
(645, 4, 'What is the smallest number from below list?', '805', '850', '800', '855', '800', NULL, '2025-09-29 17:15:00', '2025-09-29 17:15:00'),
(646, 4, 'What is the smallest number from below list?', '818', '881', '811', '888', '811', NULL, '2025-09-29 17:15:00', '2025-09-29 17:15:00'),
(647, 4, 'What is the smallest number from below list?', '829', '892', '822', '899', '822', NULL, '2025-09-29 17:15:00', '2025-09-29 17:15:00'),
(648, 4, 'What is the smallest number from below list?', '840', '804', '844', '841', '804', NULL, '2025-09-29 17:15:00', '2025-09-29 17:15:00'),
(649, 4, 'What is the smallest number from below list?', '851', '815', '855', '852', '815', NULL, '2025-09-29 17:15:00', '2025-09-29 17:15:00'),
(650, 4, 'What is the smallest number from below list?', '906', '960', '900', '966', '900', NULL, '2025-09-29 17:15:00', '2025-09-29 17:15:00'),
(651, 4, 'What is the smallest number from below list?', '919', '991', '911', '999', '911', NULL, '2025-09-29 17:15:00', '2025-09-29 17:15:00'),
(652, 4, 'What is the smallest number from below list?', '930', '903', '933', '931', '903', NULL, '2025-09-29 17:15:00', '2025-09-29 17:15:00'),
(653, 4, 'What is the smallest number from below list?', '941', '914', '944', '942', '914', NULL, '2025-09-29 17:15:00', '2025-09-29 17:15:00'),
(654, 4, 'What is the smallest number from below list?', '952', '925', '955', '953', '925', NULL, '2025-09-29 17:15:00', '2025-09-29 17:15:00'),
(655, 4, 'What is the smallest number from below list?', '1000', '1001', '1010', '1100', '1000', NULL, '2025-09-29 17:15:00', '2025-09-29 17:15:00'),
(656, 4, 'What is the smallest number from below list?', '55', '50', '60', '65', '50', NULL, '2025-09-29 17:15:00', '2025-09-29 17:15:00'),
(657, 4, 'What is the smallest number from below list?', '77', '70', '80', '87', '70', NULL, '2025-09-29 17:15:00', '2025-09-29 17:15:00'),
(658, 4, 'What is the smallest number from below list?', '88', '80', '90', '98', '80', NULL, '2025-09-29 17:15:00', '2025-09-29 17:15:00'),
(659, 4, 'What is the smallest number from below list?', '99', '90', '100', '109', '90', NULL, '2025-09-29 17:15:00', '2025-09-29 17:15:00'),
(660, 4, 'What is the smallest number from below list?', '125', '152', '122', '155', '122', NULL, '2025-09-29 17:15:00', '2025-09-29 17:15:00'),
(661, 1, 'What is the first letter of \'Planet\'?', 'Letter P', 'Letter L', 'Letter A', 'Letter T', 'Letter P', NULL, '2025-09-30 14:29:00', '2025-09-30 14:29:00'),
(662, 1, 'What is the second letter of \'Animal\'?', 'Letter A', 'Letter N', 'Letter I', 'Letter M', 'Letter N', NULL, '2025-09-30 14:29:00', '2025-09-30 14:29:00'),
(663, 1, 'What is the last letter of \'Computer\'?', 'Letter C', 'Letter O', 'Letter M', 'Letter R', 'Letter R', NULL, '2025-09-30 14:29:00', '2025-09-30 14:29:00'),
(664, 1, 'What is the third letter of \'Keyboard\'?', 'Letter K', 'Letter E', 'Letter Y', 'Letter B', 'Letter Y', NULL, '2025-09-30 14:29:00', '2025-09-30 14:29:00'),
(665, 1, 'What is the first letter of \'Bottle\'?', 'Letter B', 'Letter O', 'Letter T', 'Letter E', 'Letter B', NULL, '2025-09-30 14:29:00', '2025-09-30 14:29:00'),
(666, 1, 'What is the last letter of \'Water\'?', 'Letter W', 'Letter A', 'Letter T', 'Letter R', 'Letter R', NULL, '2025-09-30 14:29:00', '2025-09-30 14:29:00'),
(667, 1, 'What is the second letter of \'Orange\'?', 'Letter O', 'Letter R', 'Letter A', 'Letter N', 'Letter R', NULL, '2025-09-30 14:29:00', '2025-09-30 14:29:00'),
(668, 1, 'What is the third letter of \'Banana\'?', 'Letter B', 'Letter A', 'Letter N', 'Letter O', 'Letter N', NULL, '2025-09-30 14:29:00', '2025-09-30 14:29:00'),
(669, 1, 'What is the first letter of \'Grape\'?', 'Letter G', 'Letter R', 'Letter A', 'Letter P', 'Letter G', NULL, '2025-09-30 14:29:00', '2025-09-30 14:29:00'),
(670, 1, 'What is the last letter of \'Tiger\'?', 'Letter T', 'Letter I', 'Letter G', 'Letter R', 'Letter R', NULL, '2025-09-30 14:29:00', '2025-09-30 14:29:00'),
(671, 1, 'What is the second letter of \'Lion\'?', 'Letter L', 'Letter I', 'Letter O', 'Letter N', 'Letter I', NULL, '2025-09-30 14:29:00', '2025-09-30 14:29:00'),
(672, 1, 'What is the third letter of \'Elephant\'?', 'Letter E', 'Letter L', 'Letter E', 'Letter P', 'Letter E', NULL, '2025-09-30 14:29:00', '2025-09-30 14:29:00'),
(673, 1, 'What is the first letter of \'Monkey\'?', 'Letter M', 'Letter O', 'Letter N', 'Letter K', 'Letter M', NULL, '2025-09-30 14:29:00', '2025-09-30 14:29:00'),
(674, 1, 'What is the last letter of \'Giraffe\'?', 'Letter G', 'Letter I', 'Letter R', 'Letter E', 'Letter E', NULL, '2025-09-30 14:29:00', '2025-09-30 14:29:00'),
(675, 1, 'What is the second letter of \'Zebra\'?', 'Letter Z', 'Letter E', 'Letter B', 'Letter R', 'Letter E', NULL, '2025-09-30 14:29:00', '2025-09-30 14:29:00'),
(676, 1, 'What is the third letter of \'Horse\'?', 'Letter H', 'Letter O', 'Letter R', 'Letter S', 'Letter R', NULL, '2025-09-30 14:29:00', '2025-09-30 14:29:00'),
(677, 1, 'What is the first letter of \'Donkey\'?', 'Letter D', 'Letter O', 'Letter N', 'Letter K', 'Letter D', NULL, '2025-09-30 14:29:00', '2025-09-30 14:29:00');
INSERT INTO `task_questions` (`id`, `task_id`, `question`, `option_1`, `option_2`, `option_3`, `option_4`, `correct_option`, `correctness_answer`, `created_at`, `updated_at`) VALUES
(678, 1, 'What is the last letter of \'Camel\'?', 'Letter C', 'Letter A', 'Letter M', 'Letter L', 'Letter L', NULL, '2025-09-30 14:29:00', '2025-09-30 14:29:00'),
(679, 1, 'What is the second letter of \'Panda\'?', 'Letter P', 'Letter A', 'Letter N', 'Letter D', 'Letter A', NULL, '2025-09-30 14:29:00', '2025-09-30 14:29:00'),
(680, 1, 'What is the third letter of \'Kangaroo\'?', 'Letter K', 'Letter A', 'Letter N', 'Letter G', 'Letter N', NULL, '2025-09-30 14:29:00', '2025-09-30 14:29:00'),
(681, 1, 'What is the first letter of \'Window\'?', 'Letter W', 'Letter I', 'Letter N', 'Letter D', 'Letter W', NULL, '2025-09-30 14:29:00', '2025-09-30 14:29:00'),
(682, 1, 'What is the last letter of \'Table\'?', 'Letter T', 'Letter A', 'Letter B', 'Letter E', 'Letter E', NULL, '2025-09-30 14:29:00', '2025-09-30 14:29:00'),
(683, 1, 'What is the second letter of \'Chair\'?', 'Letter C', 'Letter H', 'Letter A', 'Letter I', 'Letter H', NULL, '2025-09-30 14:29:00', '2025-09-30 14:29:00'),
(684, 1, 'What is the third letter of \'Carpet\'?', 'Letter C', 'Letter A', 'Letter R', 'Letter P', 'Letter R', NULL, '2025-09-30 14:29:00', '2025-09-30 14:29:00'),
(685, 1, 'What is the first letter of \'Pencil\'?', 'Letter P', 'Letter E', 'Letter N', 'Letter C', 'Letter P', NULL, '2025-09-30 14:29:00', '2025-09-30 14:29:00'),
(686, 1, 'What is the last letter of \'Eraser\'?', 'Letter E', 'Letter R', 'Letter A', 'Letter S', 'Letter R', NULL, '2025-09-30 14:29:00', '2025-09-30 14:29:00'),
(687, 1, 'What is the second letter of \'Notebook\'?', 'Letter N', 'Letter O', 'Letter T', 'Letter E', 'Letter O', NULL, '2025-09-30 14:29:00', '2025-09-30 14:29:00'),
(688, 1, 'What is the third letter of \'School\'?', 'Letter S', 'Letter C', 'Letter H', 'Letter O', 'Letter H', NULL, '2025-09-30 14:29:00', '2025-09-30 14:29:00'),
(689, 1, 'What is the first letter of \'College\'?', 'Letter C', 'Letter O', 'Letter L', 'Letter E', 'Letter C', NULL, '2025-09-30 14:29:00', '2025-09-30 14:29:00'),
(690, 1, 'What is the last letter of \'University\'?', 'Letter U', 'Letter N', 'Letter I', 'Letter Y', 'Letter Y', NULL, '2025-09-30 14:29:00', '2025-09-30 14:29:00'),
(691, 1, 'What is the second letter of \'Teacher\'?', 'Letter T', 'Letter E', 'Letter A', 'Letter C', 'Letter E', NULL, '2025-09-30 14:29:00', '2025-09-30 14:29:00'),
(692, 1, 'What is the third letter of \'Student\'?', 'Letter S', 'Letter T', 'Letter U', 'Letter D', 'Letter U', NULL, '2025-09-30 14:29:00', '2025-09-30 14:29:00'),
(693, 1, 'What is the first letter of \'Doctor\'?', 'Letter D', 'Letter O', 'Letter C', 'Letter T', 'Letter D', NULL, '2025-09-30 14:29:00', '2025-09-30 14:29:00'),
(694, 1, 'What is the last letter of \'Police\'?', 'Letter P', 'Letter O', 'Letter L', 'Letter E', 'Letter E', NULL, '2025-09-30 14:29:00', '2025-09-30 14:29:00'),
(695, 1, 'What is the second letter of \'Farmer\'?', 'Letter F', 'Letter A', 'Letter R', 'Letter M', 'Letter A', NULL, '2025-09-30 14:29:00', '2025-09-30 14:29:00'),
(696, 1, 'What is the third letter of \'Driver\'?', 'Letter D', 'Letter R', 'Letter I', 'Letter V', 'Letter I', NULL, '2025-09-30 14:29:00', '2025-09-30 14:29:00'),
(697, 1, 'What is the first letter of \'Singer\'?', 'Letter S', 'Letter I', 'Letter N', 'Letter G', 'Letter S', NULL, '2025-09-30 14:29:00', '2025-09-30 14:29:00'),
(698, 1, 'What is the last letter of \'Dancer\'?', 'Letter D', 'Letter A', 'Letter N', 'Letter R', 'Letter R', NULL, '2025-09-30 14:29:00', '2025-09-30 14:29:00'),
(699, 1, 'What is the second letter of \'Actor\'?', 'Letter A', 'Letter C', 'Letter T', 'Letter O', 'Letter C', NULL, '2025-09-30 14:29:00', '2025-09-30 14:29:00'),
(700, 1, 'What is the third letter of \'Mountain\'?', 'Letter M', 'Letter O', 'Letter U', 'Letter N', 'Letter U', NULL, '2025-09-30 14:29:00', '2025-09-30 14:29:00'),
(701, 1, 'What is the first letter of \'River\'?', 'Letter R', 'Letter I', 'Letter V', 'Letter E', 'Letter R', NULL, '2025-09-30 14:29:00', '2025-09-30 14:29:00'),
(702, 1, 'What is the last letter of \'Ocean\'?', 'Letter O', 'Letter C', 'Letter E', 'Letter N', 'Letter N', NULL, '2025-09-30 14:29:00', '2025-09-30 14:29:00'),
(703, 1, 'What is the second letter of \'Forest\'?', 'Letter F', 'Letter O', 'Letter R', 'Letter E', 'Letter O', NULL, '2025-09-30 14:29:00', '2025-09-30 14:29:00'),
(704, 1, 'What is the third letter of \'Desert\'?', 'Letter D', 'Letter E', 'Letter S', 'Letter R', 'Letter S', NULL, '2025-09-30 14:29:00', '2025-09-30 14:29:00'),
(705, 1, 'What is the first letter of \'Island\'?', 'Letter I', 'Letter S', 'Letter L', 'Letter A', 'Letter I', NULL, '2025-09-30 14:29:00', '2025-09-30 14:29:00'),
(706, 1, 'What is the last letter of \'Country\'?', 'Letter C', 'Letter O', 'Letter U', 'Letter Y', 'Letter Y', NULL, '2025-09-30 14:29:00', '2025-09-30 14:29:00'),
(707, 1, 'What is the second letter of \'Village\'?', 'Letter V', 'Letter I', 'Letter L', 'Letter A', 'Letter I', NULL, '2025-09-30 14:29:00', '2025-09-30 14:29:00'),
(708, 1, 'What is the third letter of \'Yellow\'?', 'Letter Y', 'Letter E', 'Letter L', 'Letter O', 'Letter L', NULL, '2025-09-30 14:29:00', '2025-09-30 14:29:00'),
(709, 1, 'What is the first letter of \'Purple\'?', 'Letter P', 'Letter U', 'Letter R', 'Letter L', 'Letter P', NULL, '2025-09-30 14:29:00', '2025-09-30 14:29:00'),
(710, 1, 'What is the last letter of \'Black\'?', 'Letter B', 'Letter L', 'Letter A', 'Letter K', 'Letter K', NULL, '2025-09-30 14:29:00', '2025-09-30 14:29:00'),
(711, 1, 'What is the second letter of \'White\'?', 'Letter W', 'Letter H', 'Letter I', 'Letter T', 'Letter H', NULL, '2025-09-30 14:29:00', '2025-09-30 14:29:00'),
(712, 1, 'What is the third letter of \'Brown\'?', 'Letter B', 'Letter R', 'Letter O', 'Letter W', 'Letter O', NULL, '2025-09-30 14:29:00', '2025-09-30 14:29:00'),
(713, 1, 'What is the first letter of \'Green\'?', 'Letter G', 'Letter R', 'Letter E', 'Letter N', 'Letter G', NULL, '2025-09-30 14:29:00', '2025-09-30 14:29:00'),
(714, 1, 'What is the last letter of \'Circle\'?', 'Letter C', 'Letter I', 'Letter R', 'Letter E', 'Letter E', NULL, '2025-09-30 14:29:00', '2025-09-30 14:29:00'),
(715, 1, 'What is the second letter of \'Square\'?', 'Letter S', 'Letter Q', 'Letter U', 'Letter A', 'Letter Q', NULL, '2025-09-30 14:29:00', '2025-09-30 14:29:00'),
(716, 1, 'What is the third letter of \'Triangle\'?', 'Letter T', 'Letter R', 'Letter I', 'Letter A', 'Letter I', NULL, '2025-09-30 14:29:00', '2025-09-30 14:29:00'),
(717, 1, 'What is the first letter of \'Number\'?', 'Letter N', 'Letter U', 'Letter M', 'Letter B', 'Letter N', NULL, '2025-09-30 14:29:00', '2025-09-30 14:29:00'),
(718, 1, 'What is the last letter of \'Music\'?', 'Letter M', 'Letter U', 'Letter S', 'Letter C', 'Letter C', NULL, '2025-09-30 14:29:00', '2025-09-30 14:29:00'),
(719, 1, 'What is the second letter of \'Video\'?', 'Letter V', 'Letter I', 'Letter D', 'Letter E', 'Letter I', NULL, '2025-09-30 14:29:00', '2025-09-30 14:29:00'),
(720, 1, 'What is the third letter of \'Happy\'?', 'Letter H', 'Letter A', 'Letter P', 'Letter Y', 'Letter P', NULL, '2025-09-30 14:29:00', '2025-09-30 14:29:00'),
(721, 1, 'What is the first letter of \'Laugh\'?', 'Letter L', 'Letter A', 'Letter U', 'Letter G', 'Letter L', NULL, '2025-09-30 14:29:00', '2025-09-30 14:29:00'),
(722, 1, 'What is the last letter of \'Smile\'?', 'Letter S', 'Letter M', 'Letter I', 'Letter E', 'Letter E', NULL, '2025-09-30 14:29:00', '2025-09-30 14:29:00'),
(723, 1, 'What is the second letter of \'Family\'?', 'Letter F', 'Letter A', 'Letter M', 'Letter I', 'Letter A', NULL, '2025-09-30 14:29:00', '2025-09-30 14:29:00'),
(724, 1, 'What is the third letter of \'Friend\'?', 'Letter F', 'Letter R', 'Letter I', 'Letter E', 'Letter I', NULL, '2025-09-30 14:29:00', '2025-09-30 14:29:00'),
(725, 1, 'What is the first letter of \'Mother\'?', 'Letter M', 'Letter O', 'Letter T', 'Letter H', 'Letter M', NULL, '2025-09-30 14:29:00', '2025-09-30 14:29:00'),
(726, 1, 'What is the last letter of \'Father\'?', 'Letter F', 'Letter A', 'Letter T', 'Letter R', 'Letter R', NULL, '2025-09-30 14:29:00', '2025-09-30 14:29:00'),
(727, 1, 'What is the second letter of \'Sister\'?', 'Letter S', 'Letter I', 'Letter T', 'Letter E', 'Letter I', NULL, '2025-09-30 14:29:00', '2025-09-30 14:29:00'),
(728, 1, 'What is the third letter of \'Brother\'?', 'Letter B', 'Letter R', 'Letter O', 'Letter T', 'Letter O', NULL, '2025-09-30 14:29:00', '2025-09-30 14:29:00'),
(729, 1, 'What is the first letter of \'Morning\'?', 'Letter M', 'Letter O', 'Letter R', 'Letter N', 'Letter M', NULL, '2025-09-30 14:29:00', '2025-09-30 14:29:00'),
(730, 1, 'What is the last letter of \'Evening\'?', 'Letter E', 'Letter V', 'Letter N', 'Letter G', 'Letter G', NULL, '2025-09-30 14:29:00', '2025-09-30 14:29:00'),
(731, 1, 'What is the second letter of \'Night\'?', 'Letter N', 'Letter I', 'Letter G', 'Letter H', 'Letter I', NULL, '2025-09-30 14:29:00', '2025-09-30 14:29:00'),
(732, 1, 'What is the third letter of \'Chocolate\'?', 'Letter C', 'Letter H', 'Letter O', 'Letter L', 'Letter O', NULL, '2025-09-30 14:29:00', '2025-09-30 14:29:00'),
(733, 1, 'What is the first letter of \'Biscuit\'?', 'Letter B', 'Letter I', 'Letter S', 'Letter C', 'Letter B', NULL, '2025-09-30 14:29:00', '2025-09-30 14:29:00'),
(734, 1, 'What is the last letter of \'Juice\'?', 'Letter J', 'Letter U', 'Letter I', 'Letter E', 'Letter E', NULL, '2025-09-30 14:29:00', '2025-09-30 14:29:00'),
(735, 1, 'What is the second letter of \'Coffee\'?', 'Letter C', 'Letter O', 'Letter F', 'Letter E', 'Letter O', NULL, '2025-09-30 14:29:00', '2025-09-30 14:29:00'),
(736, 1, 'What is the third letter of \'Butter\'?', 'Letter B', 'Letter U', 'Letter T', 'Letter E', 'Letter T', NULL, '2025-09-30 14:29:00', '2025-09-30 14:29:00'),
(737, 1, 'What is the first letter of \'Bread\'?', 'Letter B', 'Letter R', 'Letter E', 'Letter A', 'Letter B', NULL, '2025-09-30 14:29:00', '2025-09-30 14:29:00'),
(738, 1, 'What is the last letter of \'Cheese\'?', 'Letter C', 'Letter H', 'Letter S', 'Letter E', 'Letter E', NULL, '2025-09-30 14:29:00', '2025-09-30 14:29:00'),
(739, 1, 'What is the second letter of \'Sugar\'?', 'Letter S', 'Letter U', 'Letter G', 'Letter A', 'Letter U', NULL, '2025-09-30 14:29:00', '2025-09-30 14:29:00'),
(740, 1, 'What is the third letter of \'Spoon\'?', 'Letter S', 'Letter P', 'Letter O', 'Letter N', 'Letter O', NULL, '2025-09-30 14:29:00', '2025-09-30 14:29:00'),
(741, 1, 'What is the first letter of \'Summer\'?', 'Letter S', 'Letter U', 'Letter M', 'Letter E', 'Letter S', NULL, '2025-09-30 14:29:00', '2025-09-30 14:29:00'),
(742, 1, 'What is the last letter of \'Winter\'?', 'Letter W', 'Letter I', 'Letter N', 'Letter R', 'Letter R', NULL, '2025-09-30 14:29:00', '2025-09-30 14:29:00'),
(743, 1, 'What is the second letter of \'Spring\'?', 'Letter S', 'Letter P', 'Letter R', 'Letter I', 'Letter P', NULL, '2025-09-30 14:29:00', '2025-09-30 14:29:00'),
(744, 1, 'What is the third letter of \'Autumn\'?', 'Letter A', 'Letter U', 'Letter T', 'Letter M', 'Letter T', NULL, '2025-09-30 14:29:00', '2025-09-30 14:29:00'),
(745, 1, 'What is the first letter of \'January\'?', 'Letter J', 'Letter A', 'Letter N', 'Letter U', 'Letter J', NULL, '2025-09-30 14:29:00', '2025-09-30 14:29:00'),
(746, 1, 'What is the last letter of \'February\'?', 'Letter F', 'Letter E', 'Letter B', 'Letter Y', 'Letter Y', NULL, '2025-09-30 14:29:00', '2025-09-30 14:29:00'),
(747, 1, 'What is the second letter of \'March\'?', 'Letter M', 'Letter A', 'Letter R', 'Letter C', 'Letter A', NULL, '2025-09-30 14:29:00', '2025-09-30 14:29:00'),
(748, 1, 'What is the third letter of \'April\'?', 'Letter A', 'Letter P', 'Letter R', 'Letter I', 'Letter R', NULL, '2025-09-30 14:29:00', '2025-09-30 14:29:00'),
(749, 1, 'What is the last letter of \'Sunday\'?', 'Letter S', 'Letter U', 'Letter N', 'Letter Y', 'Letter Y', NULL, '2025-09-30 14:29:00', '2025-09-30 14:29:00'),
(750, 1, 'What is the second letter of \'Monday\'?', 'Letter M', 'Letter O', 'Letter N', 'Letter D', 'Letter O', NULL, '2025-09-30 14:29:00', '2025-09-30 14:29:00'),
(751, 1, 'What is the third letter of \'Tuesday\'?', 'Letter T', 'Letter U', 'Letter E', 'Letter S', 'Letter E', NULL, '2025-09-30 14:29:00', '2025-09-30 14:29:00'),
(752, 1, 'What is the first letter of \'Wednesday\'?', 'Letter W', 'Letter E', 'Letter D', 'Letter N', 'Letter W', NULL, '2025-09-30 14:29:00', '2025-09-30 14:29:00'),
(753, 1, 'What is the last letter of \'Thursday\'?', 'Letter T', 'Letter H', 'Letter U', 'Letter Y', 'Letter Y', NULL, '2025-09-30 14:29:00', '2025-09-30 14:29:00'),
(754, 1, 'What is the second letter of \'Friday\'?', 'Letter F', 'Letter R', 'Letter I', 'Letter D', 'Letter R', NULL, '2025-09-30 14:29:00', '2025-09-30 14:29:00'),
(755, 1, 'What is the third letter of \'Saturday\'?', 'Letter S', 'Letter A', 'Letter T', 'Letter U', 'Letter T', NULL, '2025-09-30 14:29:00', '2025-09-30 14:29:00'),
(756, 1, 'What is the first letter of \'Holiday\'?', 'Letter H', 'Letter O', 'Letter L', 'Letter I', 'Letter H', NULL, '2025-09-30 14:29:00', '2025-09-30 14:29:00'),
(757, 1, 'What is the last letter of \'Vacation\'?', 'Letter V', 'Letter A', 'Letter C', 'Letter N', 'Letter N', NULL, '2025-09-30 14:29:00', '2025-09-30 14:29:00'),
(758, 1, 'What is the second letter of \'Travel\'?', 'Letter T', 'Letter R', 'Letter A', 'Letter V', 'Letter R', NULL, '2025-09-30 14:29:00', '2025-09-30 14:29:00'),
(759, 1, 'What is the third letter of \'Journey\'?', 'Letter J', 'Letter O', 'Letter U', 'Letter R', 'Letter U', NULL, '2025-09-30 14:29:00', '2025-09-30 14:29:00'),
(760, 1, 'What is the first letter of \'Adventure\'?', 'Letter A', 'Letter D', 'Letter V', 'Letter E', 'Letter A', NULL, '2025-09-30 14:29:00', '2025-09-30 14:29:00');

-- --------------------------------------------------------

--
-- Table structure for table `users`
--

CREATE TABLE `users` (
  `id` int(11) NOT NULL,
  `email` varchar(255) NOT NULL,
  `device_id` varchar(255) NOT NULL,
  `coins` int(11) DEFAULT 0,
  `refercode` varchar(8) NOT NULL,
  `referred_by` int(11) DEFAULT NULL,
  `created_at` timestamp NOT NULL DEFAULT current_timestamp(),
  `is_blocked` tinyint(1) DEFAULT 0
) ENGINE=InnoDB DEFAULT CHARSET=latin1 COLLATE=latin1_swedish_ci;

--
-- Dumping data for table `users`
--

INSERT INTO `users` (`id`, `email`, `device_id`, `coins`, `refercode`, `referred_by`, `created_at`, `is_blocked`) VALUES
(1, 'sachinjangirrwr@gmail.com', '344e7f848f0f4175', 15, 'sachsjcK', NULL, '2025-09-20 04:32:02', 0),
(2, 'developer.yavansh@gmail.com', '9466797c4541cb25', 8590, 'deveBiEc', NULL, '2025-09-21 06:37:41', 0),
(3, 'sachinjangir9687@gmail.com', 'c988b2276a45d589', 10000, 'sachcfaB', NULL, '2025-09-23 19:52:24', 0),
(4, 'droidskillspro@gmail.com', '7f3f6e468a9ad8ce', 204, 'droiBjYh', NULL, '2025-09-24 07:37:22', 0),
(5, 'brijeshkumarrwr@gmail.com', 'cfbe54378fcd272d', 30, 'brijplXm', NULL, '2025-09-24 17:20:17', 0),
(6, 'technopritam76@gmail.com', '03fe41f11045d7b8', 15, 'techoRHe', NULL, '2025-09-27 09:20:21', 0),
(7, 'pritamgiri205@gmail.com', 'ba44a8801e501cab', 30, 'pritxIaR', NULL, '2025-09-27 10:25:03', 0),
(8, 'sheetalsharmarhr36@gmail.com', '3faa9eb45765f89e', 26, 'sheegE0H', NULL, '2025-09-28 18:03:48', 0),
(9, 'wostudyofficial@gmail.com', 'f8ec2b77ad9e2546', 515, 'wost4IUf', NULL, '2025-10-13 10:22:36', 0);

-- --------------------------------------------------------

--
-- Table structure for table `user_task_usage`
--

CREATE TABLE `user_task_usage` (
  `id` int(11) NOT NULL,
  `user_id` int(11) NOT NULL,
  `task_type` enum('math_fact','alphabet_guess','colour_guess','vehicle_guess') NOT NULL,
  `usage_date` date NOT NULL,
  `ad_index` int(11) DEFAULT NULL,
  `used_count` int(11) NOT NULL DEFAULT 0,
  `user_daily_limit` int(11) DEFAULT NULL,
  `created_at` timestamp NOT NULL DEFAULT current_timestamp(),
  `updated_at` timestamp NOT NULL DEFAULT current_timestamp() ON UPDATE current_timestamp()
) ENGINE=InnoDB DEFAULT CHARSET=latin1 COLLATE=latin1_swedish_ci;

--
-- Dumping data for table `user_task_usage`
--

INSERT INTO `user_task_usage` (`id`, `user_id`, `task_type`, `usage_date`, `ad_index`, `used_count`, `user_daily_limit`, `created_at`, `updated_at`) VALUES
(72, 2, 'alphabet_guess', '2025-10-05', 2, 6, 6, '2025-10-05 03:59:18', '2025-10-05 04:01:29'),
(73, 2, 'colour_guess', '2025-10-05', 3, 14, 14, '2025-10-05 04:00:07', '2025-10-05 04:01:34'),
(74, 2, 'vehicle_guess', '2025-10-05', 4, 20, 20, '2025-10-05 04:01:05', '2025-10-05 04:01:38'),
(75, 2, 'math_fact', '2025-10-05', 2, 7, 7, '2025-10-05 04:19:21', '2025-10-05 04:19:31'),
(76, 4, 'colour_guess', '2025-10-05', 3, 1, 14, '2025-10-05 09:51:24', '2025-10-05 09:51:34'),
(77, 4, 'vehicle_guess', '2025-10-05', 4, 0, 17, '2025-10-05 09:51:49', '2025-10-05 09:51:49'),
(78, 9, 'vehicle_guess', '2025-10-14', 4, 0, 18, '2025-10-14 07:45:25', '2025-10-14 07:45:25');

-- --------------------------------------------------------

--
-- Table structure for table `website_visit_tasks`
--

CREATE TABLE `website_visit_tasks` (
  `id` int(11) NOT NULL,
  `web_url` varchar(255) NOT NULL,
  `timer` int(11) NOT NULL,
  `created_at` timestamp NOT NULL DEFAULT current_timestamp()
) ENGINE=InnoDB DEFAULT CHARSET=latin1 COLLATE=latin1_swedish_ci;

--
-- Dumping data for table `website_visit_tasks`
--

INSERT INTO `website_visit_tasks` (`id`, `web_url`, `timer`, `created_at`) VALUES
(1, 'https://www.google.com', 10, '2025-06-14 06:36:13'),
(2, 'https://www.flaticon.com/search?word=plus-circle', 10, '2025-06-14 17:39:22');

--
-- Indexes for table `ads_settings`
--
ALTER TABLE `ads_settings`
  ADD PRIMARY KEY (`id`);

--
-- Indexes for table `ad_controls`
--
ALTER TABLE `ad_controls`
  ADD PRIMARY KEY (`id`),
  ADD UNIQUE KEY `screen_name` (`screen_name`);

--
-- Indexes for table `app_settings`
--
ALTER TABLE `app_settings`
  ADD PRIMARY KEY (`id`);

--
-- Indexes for table `colour_guess_image_list`
--
ALTER TABLE `colour_guess_image_list`
  ADD PRIMARY KEY (`id`);

--
-- Indexes for table `daily_checkins`
--
ALTER TABLE `daily_checkins`
  ADD PRIMARY KEY (`id`),
  ADD UNIQUE KEY `unique_user_date` (`user_id`,`claimed_date`),
  ADD KEY `idx_user_date` (`user_id`,`claimed_at`),
  ADD KEY `idx_claimed_at` (`claimed_at`);

--
-- Indexes for table `promo_codes`
--
ALTER TABLE `promo_codes`
  ADD PRIMARY KEY (`id`),
  ADD UNIQUE KEY `code` (`code`),
  ADD KEY `idx_promo_code` (`code`);

--
-- Indexes for table `promo_code_usage`
--
ALTER TABLE `promo_code_usage`
  ADD PRIMARY KEY (`id`),
  ADD KEY `promo_code_id` (`promo_code_id`),
  ADD KEY `idx_promo_usage` (`user_id`,`promo_code_id`);

--
-- Indexes for table `rate_limit`
--
ALTER TABLE `rate_limit`
  ADD PRIMARY KEY (`id`),
  ADD KEY `idx_rate_limit_user` (`user_id`,`timestamp`);

--
-- Indexes for table `redeem_options_categories`
--
ALTER TABLE `redeem_options_categories`
  ADD PRIMARY KEY (`id`);

--
-- Indexes for table `redeem_options_subcategories`
--
ALTER TABLE `redeem_options_subcategories`
  ADD PRIMARY KEY (`id`),
  ADD KEY `category_id` (`category_id`);

--
-- Indexes for table `referral_rewards`
--
ALTER TABLE `referral_rewards`
  ADD PRIMARY KEY (`id`),
  ADD UNIQUE KEY `referrer_id` (`referrer_id`,`referred_id`),
  ADD KEY `referred_id` (`referred_id`);

--
-- Indexes for table `tasks`
--
ALTER TABLE `tasks`
  ADD PRIMARY KEY (`id`);

--
-- Indexes for table `task_completions`
--
ALTER TABLE `task_completions`
  ADD PRIMARY KEY (`id`),
  ADD KEY `user_id` (`user_id`),
  ADD KEY `task_id` (`task_id`),
  ADD KEY `completed_at` (`completed_at`);

--
-- Indexes for table `task_limits`
--
ALTER TABLE `task_limits`
  ADD PRIMARY KEY (`id`),
  ADD UNIQUE KEY `task_type` (`task_type`);

--
-- Indexes for table `task_questions`
--
ALTER TABLE `task_questions`
  ADD PRIMARY KEY (`id`),
  ADD KEY `task_id` (`task_id`);

--
-- Indexes for table `users`
--
ALTER TABLE `users`
  ADD PRIMARY KEY (`id`),
  ADD UNIQUE KEY `email` (`email`),
  ADD UNIQUE KEY `device_id` (`device_id`),
  ADD UNIQUE KEY `refercode` (`refercode`),
  ADD KEY `referred_by` (`referred_by`),
  ADD KEY `idx_refercode` (`refercode`);

--
-- Indexes for table `user_task_usage`
--
ALTER TABLE `user_task_usage`
  ADD PRIMARY KEY (`id`);

--
-- Indexes for table `website_visit_tasks`
--
ALTER TABLE `website_visit_tasks`
  ADD PRIMARY KEY (`id`);

--
-- AUTO_INCREMENT for dumped tables
--

--
-- AUTO_INCREMENT for table `daily_checkins`
--
ALTER TABLE `daily_checkins`
  MODIFY `id` int(11) NOT NULL AUTO_INCREMENT, AUTO_INCREMENT=154;

--
-- AUTO_INCREMENT for table `promo_codes`
--
ALTER TABLE `promo_codes`
  MODIFY `id` int(11) NOT NULL AUTO_INCREMENT, AUTO_INCREMENT=13;

--
-- AUTO_INCREMENT for table `promo_code_usage`
--
ALTER TABLE `promo_code_usage`
  MODIFY `id` int(11) NOT NULL AUTO_INCREMENT, AUTO_INCREMENT=15;

--
-- AUTO_INCREMENT for table `rate_limit`
--
ALTER TABLE `rate_limit`
  MODIFY `id` int(11) NOT NULL AUTO_INCREMENT, AUTO_INCREMENT=1273;

--
-- AUTO_INCREMENT for table `referral_rewards`
--
ALTER TABLE `referral_rewards`
  MODIFY `id` int(11) NOT NULL AUTO_INCREMENT, AUTO_INCREMENT=6;

--
-- AUTO_INCREMENT for table `task_completions`
--
ALTER TABLE `task_completions`
  MODIFY `id` int(11) NOT NULL AUTO_INCREMENT, AUTO_INCREMENT=64;

--
-- AUTO_INCREMENT for table `task_questions`
--
ALTER TABLE `task_questions`
  MODIFY `id` int(11) NOT NULL AUTO_INCREMENT, AUTO_INCREMENT=761;

--
-- AUTO_INCREMENT for table `users`
--
ALTER TABLE `users`
  MODIFY `id` int(11) NOT NULL AUTO_INCREMENT, AUTO_INCREMENT=10;

--
-- AUTO_INCREMENT for table `user_task_usage`
--
ALTER TABLE `user_task_usage`
  MODIFY `id` int(11) NOT NULL AUTO_INCREMENT, AUTO_INCREMENT=79;
COMMIT;

